{"id":441,"date":"2023-02-16T19:14:42","date_gmt":"2023-02-16T18:14:42","guid":{"rendered":"http:\/\/localhost\/wordpress\/?page_id=441"},"modified":"2023-05-24T18:13:58","modified_gmt":"2023-05-24T16:13:58","slug":"contact-cftbc","status":"publish","type":"page","link":"https:\/\/cftbc.com\/index.php\/contact-cftbc\/","title":{"rendered":"Contact"},"content":{"rendered":"\n<div class=\"wp-block-cover alignfull is-light has-custom-content-position is-position-bottom-center\" style=\"margin-bottom:var(--wp--preset--spacing--50);min-height:496px;aspect-ratio:unset;\"><span aria-hidden=\"true\" class=\"wp-block-cover__background has-background-dim-0 has-background-dim\"><\/span><img loading=\"lazy\" decoding=\"async\" width=\"2560\" height=\"1707\" class=\"wp-block-cover__image-background wp-image-177\" alt=\"Contact CFTBC\" src=\"https:\/\/cftbc.com\/wp-content\/uploads\/2023\/01\/pexels-andrea-piacquadio-3861814-scaled.jpg\" data-object-fit=\"cover\" srcset=\"https:\/\/cftbc.com\/wp-content\/uploads\/2023\/01\/pexels-andrea-piacquadio-3861814-scaled.jpg 2560w, https:\/\/cftbc.com\/wp-content\/uploads\/2023\/01\/pexels-andrea-piacquadio-3861814-scaled-600x400.jpg 600w, https:\/\/cftbc.com\/wp-content\/uploads\/2023\/01\/pexels-andrea-piacquadio-3861814-300x200.jpg 300w, https:\/\/cftbc.com\/wp-content\/uploads\/2023\/01\/pexels-andrea-piacquadio-3861814-1024x683.jpg 1024w, https:\/\/cftbc.com\/wp-content\/uploads\/2023\/01\/pexels-andrea-piacquadio-3861814-768x512.jpg 768w, https:\/\/cftbc.com\/wp-content\/uploads\/2023\/01\/pexels-andrea-piacquadio-3861814-1536x1024.jpg 1536w, https:\/\/cftbc.com\/wp-content\/uploads\/2023\/01\/pexels-andrea-piacquadio-3861814-2048x1365.jpg 2048w\" sizes=\"auto, (max-width: 2560px) 100vw, 2560px\" \/><div class=\"wp-block-cover__inner-container is-layout-flow wp-block-cover-is-layout-flow\">\n<h1 class=\"wp-block-heading has-text-align-center\" style=\"font-size:60px\"><\/h1>\n<\/div><\/div>\n\n\n\n<div class=\"wp-block-group\"><div class=\"wp-block-group__inner-container is-layout-constrained wp-block-group-is-layout-constrained\">\n<h2 class=\"wp-block-heading has-text-align-center\"><mark style=\"background-color:rgba(0, 0, 0, 0)\" class=\"has-inline-color has-black-color\"><strong>Restons en contact<\/strong><\/mark><\/h2>\n\n\n\n<h3 class=\"wp-block-heading has-text-align-center\"><mark style=\"background-color:rgba(0, 0, 0, 0);color:#0564b5\" class=\"has-inline-color\">Centre de Formation de Th\u00e9rapies Br\u00e8ves et Cognitives<\/mark><\/h3>\n\n\n\n<h3 class=\"wp-block-heading has-text-align-center\" style=\"font-style:normal;font-weight:200;text-decoration:underline\"><a data-type=\"page\" data-id=\"1679\" href=\"https:\/\/cftbc.com\/index.php\/formulaire-de-contact\/\"><mark style=\"background-color:rgba(0, 0, 0, 0);color:#195d9e\" class=\"has-inline-color\"><strong>contact@cftbc.com<\/strong><\/mark><\/a><\/h3>\n<\/div><\/div>\n\n\n\n<div class=\"wp-block-group\"><div class=\"wp-block-group__inner-container is-layout-constrained wp-block-group-is-layout-constrained\">\n<p class=\"has-text-align-justify\">Avant tout, nous sommes heureux de vous accueillir sur notre site web. Nous sommes heureux \u00e9galement que vous soyez entr\u00e9 en contact avec le <mark style=\"background-color:rgba(0, 0, 0, 0)\" class=\"has-inline-color has-vivid-cyan-blue-color\">CFTBC<\/mark>. Nous serions enchant\u00e9s de r\u00e9pondre \u00e0 toutes vos questions. N<mark style=\"background-color:rgba(0, 0, 0, 0)\" class=\"has-inline-color has-black-color\">ous sommes passionn\u00e9s par ce que nous faisons et nous sommes impatients de vous aider dans tous vos projets<\/mark>. Si vous avez besoin de renseignements suppl\u00e9mentaires, d&rsquo;une assistance technique ou si vous souhaitez simplement discuter de nos services, contactez-nous.<\/p>\n\n\n\n<p class=\"has-text-align-justify\">En effet, notre \u00e9quipe d&rsquo;experts est compos\u00e9e de professionnels comp\u00e9tents et d\u00e9vou\u00e9s. Nous sommes pr\u00eats \u00e0 vous accompagner dans toutes les \u00e9tapes de votre projet. Que vous recherchiez des informations sur nos formations, des conseils personnalis\u00e9s ou des solutions sur mesure, <mark style=\"background-color:rgba(0, 0, 0, 0)\" class=\"has-inline-color has-black-color\">nous sommes l\u00e0 pour vous guider<\/mark>. Notre engagement envers la satisfaction de nos clients est notre priorit\u00e9 absolue.<\/p>\n\n\n\n<p class=\"has-text-align-justify\">Puis, en nous contactant, vous b\u00e9n\u00e9ficierez d&rsquo;<mark style=\"background-color:rgba(0, 0, 0, 0)\" class=\"has-inline-color has-black-color\">un service d\u00e9di\u00e9 \u00e0 la d\u00e9termination d&rsquo;objectifs<\/mark>. Nous sommes conscients que votre temps est pr\u00e9cieux. C&rsquo;est pourquoi nous nous engageons \u00e0 r\u00e9pondre \u00e0 vos demandes dans les plus brefs d\u00e9lais. Notre \u00e9quipe r\u00e9active et amicale est pr\u00eate \u00e0 vous fournir des r\u00e9ponses claires et concises \u00e0 toutes vos questions.<\/p>\n\n\n\n<p class=\"has-text-align-justify\">De plus, en entrant en contact avec le <mark style=\"background-color:rgba(0, 0, 0, 0)\" class=\"has-inline-color has-vivid-cyan-blue-color\">CFTBC<\/mark>, vous pourrez d\u00e9couvrir les nombreux avantages que nous offrons \u00e0 nos adh\u00e9rents. Nous sommes fiers de proposer des solutions innovantes, adapt\u00e9es \u00e0 vos besoins sp\u00e9cifiques. <mark style=\"background-color:rgba(0, 0, 0, 0)\" class=\"has-inline-color has-black-color\">Que vous soyez une entreprise ou un particulier, nous avons les comp\u00e9tences et l&rsquo;expertise n\u00e9cessaires pour vous accompagner vers la r\u00e9ussite<\/mark>.<\/p>\n\n\n\n<h3 class=\"wp-block-heading has-text-align-center\">A vous de jouer !<\/h3>\n\n\n\n<p class=\"has-text-align-justify\">N&rsquo;attendez plus ! <mark style=\"background-color:rgba(0, 0, 0, 0)\" class=\"has-inline-color has-black-color\">Remplissez simplement le formulaire de contact<\/mark> en cliquant sur le lien ci-dessous, et nous vous recontacterons dans les plus brefs d\u00e9lais. Nous sommes impatients de discuter avec vous et de vous aider \u00e0 r\u00e9aliser vos objectifs.<\/p>\n\n\n\n<p class=\"has-text-align-justify\">Autrement dit, en choisissant le <mark style=\"background-color:rgba(0, 0, 0, 0)\" class=\"has-inline-color has-vivid-cyan-blue-color\">CFTBC<\/mark>, vous optez pour une collaboration fructueuse, bas\u00e9e sur la confiance, la transparence et des r\u00e9sultats concrets. <mark style=\"background-color:rgba(0, 0, 0, 0)\" class=\"has-inline-color has-black-color\">Contactez-nous d\u00e8s aujourd&rsquo;hui et d\u00e9couvrez comment nous pouvons vous aider \u00e0 atteindre l&rsquo;excellence<\/mark> dans nos domaines de comp\u00e9tences.<\/p>\n\n\n\n<p class=\"has-text-align-justify\">En somme, nous attendons avec impatience de vous entendre et de vous accompagner dans votre r\u00e9ussite.<\/p>\n\n\n\n<h3 class=\"wp-block-heading has-text-align-center\" style=\"font-style:normal;font-weight:200;text-decoration:underline\"><a data-type=\"page\" data-id=\"1679\" href=\"https:\/\/cftbc.com\/index.php\/formulaire-de-contact\/\"><mark style=\"background-color:rgba(0, 0, 0, 0);color:#195d9e\" class=\"has-inline-color\"><strong>contact@cftbc.com<\/strong><\/mark><\/a><\/h3>\n<\/div><\/div>\n","protected":false},"excerpt":{"rendered":"<p>Restons en contact Centre de Formation de Th\u00e9rapies Br\u00e8ves et Cognitives contact@cftbc.com Avant tout, nous sommes heureux de vous accueillir sur notre site web. Nous&hellip;<\/p>\n","protected":false},"author":1,"featured_media":0,"parent":0,"menu_order":0,"comment_status":"closed","ping_status":"closed","template":"","meta":{"footnotes":""},"class_list":["post-441","page","type-page","status-publish","hentry"],"yoast_head":"<!-- This site is optimized with the Yoast SEO plugin v20.1 - https:\/\/yoast.com\/wordpress\/plugins\/seo\/ -->\n<title>Contact CFTBC - Formations en Hypnose et PNL<\/title>\n<meta name=\"description\" content=\"Entrez en contact avec le CFTBC et recevez les r\u00e9ponses \u00e0 vos questions. Une \u00e9quipe est pr\u00eate \u00e0 vous conseiller pour atteindre vos objectifs.\" \/>\n<meta name=\"robots\" content=\"index, follow, max-snippet:-1, max-image-preview:large, max-video-preview:-1\" \/>\n<link rel=\"canonical\" href=\"https:\/\/cftbc.com\/index.php\/contact-cftbc\/\" \/>\n<meta property=\"og:locale\" content=\"fr_FR\" \/>\n<meta property=\"og:type\" content=\"article\" \/>\n<meta property=\"og:title\" content=\"Contact CFTBC - Formations en Hypnose et PNL\" \/>\n<meta property=\"og:description\" content=\"Entrez en contact avec le CFTBC et recevez les r\u00e9ponses \u00e0 vos questions. Une \u00e9quipe est pr\u00eate \u00e0 vous conseiller pour atteindre vos objectifs.\" \/>\n<meta property=\"og:url\" content=\"https:\/\/cftbc.com\/index.php\/contact-cftbc\/\" \/>\n<meta property=\"og:site_name\" content=\"Centre de Formation en Th\u00e9rapies Br\u00e8ves et Cognitives\" \/>\n<meta property=\"article:modified_time\" content=\"2023-05-24T16:13:58+00:00\" \/>\n<meta property=\"og:image\" content=\"https:\/\/cftbc.com\/wp-content\/uploads\/2023\/01\/pexels-andrea-piacquadio-3861814-scaled.jpg\" \/>\n<meta name=\"twitter:card\" content=\"summary_large_image\" \/>\n<meta name=\"twitter:label1\" content=\"Dur\u00e9e de lecture estim\u00e9e\" \/>\n\t<meta name=\"twitter:data1\" content=\"3 minutes\" \/>\n<script type=\"application\/ld+json\" class=\"yoast-schema-graph\">{\"@context\":\"https:\/\/schema.org\",\"@graph\":[{\"@type\":\"WebPage\",\"@id\":\"https:\/\/cftbc.com\/index.php\/contact-cftbc\/\",\"url\":\"https:\/\/cftbc.com\/index.php\/contact-cftbc\/\",\"name\":\"Contact CFTBC - Formations en Hypnose et PNL\",\"isPartOf\":{\"@id\":\"https:\/\/cftbc.com\/#website\"},\"datePublished\":\"2023-02-16T18:14:42+00:00\",\"dateModified\":\"2023-05-24T16:13:58+00:00\",\"description\":\"Entrez en contact avec le CFTBC et recevez les r\u00e9ponses \u00e0 vos questions. Une \u00e9quipe est pr\u00eate \u00e0 vous conseiller pour atteindre vos objectifs.\",\"breadcrumb\":{\"@id\":\"https:\/\/cftbc.com\/index.php\/contact-cftbc\/#breadcrumb\"},\"inLanguage\":\"fr-FR\",\"potentialAction\":[{\"@type\":\"ReadAction\",\"target\":[\"https:\/\/cftbc.com\/index.php\/contact-cftbc\/\"]}]},{\"@type\":\"BreadcrumbList\",\"@id\":\"https:\/\/cftbc.com\/index.php\/contact-cftbc\/#breadcrumb\",\"itemListElement\":[{\"@type\":\"ListItem\",\"position\":1,\"name\":\"Accueil\",\"item\":\"https:\/\/cftbc.com\/\"},{\"@type\":\"ListItem\",\"position\":2,\"name\":\"Contact\"}]},{\"@type\":\"WebSite\",\"@id\":\"https:\/\/cftbc.com\/#website\",\"url\":\"https:\/\/cftbc.com\/\",\"name\":\"Centre de Formation en Th\u00e9rapies Br\u00e8ves et Cognitives\",\"description\":\"Soyez l&#039;acteur du changement !\",\"publisher\":{\"@id\":\"https:\/\/cftbc.com\/#organization\"},\"potentialAction\":[{\"@type\":\"SearchAction\",\"target\":{\"@type\":\"EntryPoint\",\"urlTemplate\":\"https:\/\/cftbc.com\/?s={search_term_string}\"},\"query-input\":\"required name=search_term_string\"}],\"inLanguage\":\"fr-FR\"},{\"@type\":\"Organization\",\"@id\":\"https:\/\/cftbc.com\/#organization\",\"name\":\"Centre de Formation en Th\u00e9rapies Br\u00e8ves et Cognitives\",\"url\":\"https:\/\/cftbc.com\/\",\"logo\":{\"@type\":\"ImageObject\",\"inLanguage\":\"fr-FR\",\"@id\":\"https:\/\/cftbc.com\/#\/schema\/logo\/image\/\",\"url\":\"https:\/\/cftbc.com\/wp-content\/uploads\/2022\/12\/centre-de-formation-de-therapie1-scaled.jpg\",\"contentUrl\":\"https:\/\/cftbc.com\/wp-content\/uploads\/2022\/12\/centre-de-formation-de-therapie1-scaled.jpg\",\"width\":2238,\"height\":2560,\"caption\":\"Centre de Formation en Th\u00e9rapies Br\u00e8ves et Cognitives\"},\"image\":{\"@id\":\"https:\/\/cftbc.com\/#\/schema\/logo\/image\/\"}}]}<\/script>\n<!-- \/ Yoast SEO plugin. -->","yoast_head_json":{"title":"Contact CFTBC - Formations en Hypnose et PNL","description":"Entrez en contact avec le CFTBC et recevez les r\u00e9ponses \u00e0 vos questions. Une \u00e9quipe est pr\u00eate \u00e0 vous conseiller pour atteindre vos objectifs.","robots":{"index":"index","follow":"follow","max-snippet":"max-snippet:-1","max-image-preview":"max-image-preview:large","max-video-preview":"max-video-preview:-1"},"canonical":"https:\/\/cftbc.com\/index.php\/contact-cftbc\/","og_locale":"fr_FR","og_type":"article","og_title":"Contact CFTBC - Formations en Hypnose et PNL","og_description":"Entrez en contact avec le CFTBC et recevez les r\u00e9ponses \u00e0 vos questions. Une \u00e9quipe est pr\u00eate \u00e0 vous conseiller pour atteindre vos objectifs.","og_url":"https:\/\/cftbc.com\/index.php\/contact-cftbc\/","og_site_name":"Centre de Formation en Th\u00e9rapies Br\u00e8ves et Cognitives","article_modified_time":"2023-05-24T16:13:58+00:00","og_image":[{"url":"https:\/\/cftbc.com\/wp-content\/uploads\/2023\/01\/pexels-andrea-piacquadio-3861814-scaled.jpg"}],"twitter_card":"summary_large_image","twitter_misc":{"Dur\u00e9e de lecture estim\u00e9e":"3 minutes"},"schema":{"@context":"https:\/\/schema.org","@graph":[{"@type":"WebPage","@id":"https:\/\/cftbc.com\/index.php\/contact-cftbc\/","url":"https:\/\/cftbc.com\/index.php\/contact-cftbc\/","name":"Contact CFTBC - Formations en Hypnose et PNL","isPartOf":{"@id":"https:\/\/cftbc.com\/#website"},"datePublished":"2023-02-16T18:14:42+00:00","dateModified":"2023-05-24T16:13:58+00:00","description":"Entrez en contact avec le CFTBC et recevez les r\u00e9ponses \u00e0 vos questions. Une \u00e9quipe est pr\u00eate \u00e0 vous conseiller pour atteindre vos objectifs.","breadcrumb":{"@id":"https:\/\/cftbc.com\/index.php\/contact-cftbc\/#breadcrumb"},"inLanguage":"fr-FR","potentialAction":[{"@type":"ReadAction","target":["https:\/\/cftbc.com\/index.php\/contact-cftbc\/"]}]},{"@type":"BreadcrumbList","@id":"https:\/\/cftbc.com\/index.php\/contact-cftbc\/#breadcrumb","itemListElement":[{"@type":"ListItem","position":1,"name":"Accueil","item":"https:\/\/cftbc.com\/"},{"@type":"ListItem","position":2,"name":"Contact"}]},{"@type":"WebSite","@id":"https:\/\/cftbc.com\/#website","url":"https:\/\/cftbc.com\/","name":"Centre de Formation en Th\u00e9rapies Br\u00e8ves et Cognitives","description":"Soyez l&#039;acteur du changement !","publisher":{"@id":"https:\/\/cftbc.com\/#organization"},"potentialAction":[{"@type":"SearchAction","target":{"@type":"EntryPoint","urlTemplate":"https:\/\/cftbc.com\/?s={search_term_string}"},"query-input":"required name=search_term_string"}],"inLanguage":"fr-FR"},{"@type":"Organization","@id":"https:\/\/cftbc.com\/#organization","name":"Centre de Formation en Th\u00e9rapies Br\u00e8ves et Cognitives","url":"https:\/\/cftbc.com\/","logo":{"@type":"ImageObject","inLanguage":"fr-FR","@id":"https:\/\/cftbc.com\/#\/schema\/logo\/image\/","url":"https:\/\/cftbc.com\/wp-content\/uploads\/2022\/12\/centre-de-formation-de-therapie1-scaled.jpg","contentUrl":"https:\/\/cftbc.com\/wp-content\/uploads\/2022\/12\/centre-de-formation-de-therapie1-scaled.jpg","width":2238,"height":2560,"caption":"Centre de Formation en Th\u00e9rapies Br\u00e8ves et Cognitives"},"image":{"@id":"https:\/\/cftbc.com\/#\/schema\/logo\/image\/"}}]}},"_links":{"self":[{"href":"https:\/\/cftbc.com\/index.php\/wp-json\/wp\/v2\/pages\/441","targetHints":{"allow":["GET"]}}],"collection":[{"href":"https:\/\/cftbc.com\/index.php\/wp-json\/wp\/v2\/pages"}],"about":[{"href":"https:\/\/cftbc.com\/index.php\/wp-json\/wp\/v2\/types\/page"}],"author":[{"embeddable":true,"href":"https:\/\/cftbc.com\/index.php\/wp-json\/wp\/v2\/users\/1"}],"replies":[{"embeddable":true,"href":"https:\/\/cftbc.com\/index.php\/wp-json\/wp\/v2\/comments?post=441"}],"version-history":[{"count":35,"href":"https:\/\/cftbc.com\/index.php\/wp-json\/wp\/v2\/pages\/441\/revisions"}],"predecessor-version":[{"id":2054,"href":"https:\/\/cftbc.com\/index.php\/wp-json\/wp\/v2\/pages\/441\/revisions\/2054"}],"wp:attachment":[{"href":"https:\/\/cftbc.com\/index.php\/wp-json\/wp\/v2\/media?parent=441"}],"curies":[{"name":"wp","href":"https:\/\/api.w.org\/{rel}","templated":true}]}}