{"id":41,"date":"2022-12-15T17:13:17","date_gmt":"2022-12-15T16:13:17","guid":{"rendered":"http:\/\/localhost\/wordpress\/?page_id=41"},"modified":"2023-04-21T18:39:20","modified_gmt":"2023-04-21T16:39:20","slug":"a-propos","status":"publish","type":"page","link":"https:\/\/cftbc.com\/index.php\/a-propos\/","title":{"rendered":"\u00c0 propos"},"content":{"rendered":"\n<div class=\"wp-block-cover alignfull has-custom-content-position is-position-bottom-center has-small-font-size\" style=\"margin-top:0;margin-bottom:0;padding-top:var(--wp--preset--spacing--60);padding-right:var(--wp--preset--spacing--60);padding-bottom:var(--wp--preset--spacing--60);padding-left:var(--wp--preset--spacing--60);min-height:487px;aspect-ratio:unset;\"><span aria-hidden=\"true\" class=\"wp-block-cover__background has-background-dim-30 has-background-dim\"><\/span><img loading=\"lazy\" decoding=\"async\" width=\"2560\" height=\"1280\" class=\"wp-block-cover__image-background wp-image-1546\" alt=\"Formation en Th\u00e9rapies Br\u00e8ves Annecy Lyon et Paris\" src=\"https:\/\/cftbc.com\/wp-content\/uploads\/2023\/03\/pexels-ketut-subiyanto-4473096-scaled-e1679339468446.jpg\" data-object-fit=\"cover\" srcset=\"https:\/\/cftbc.com\/wp-content\/uploads\/2023\/03\/pexels-ketut-subiyanto-4473096-scaled-e1679339468446.jpg 2560w, https:\/\/cftbc.com\/wp-content\/uploads\/2023\/03\/pexels-ketut-subiyanto-4473096-scaled-e1679339468446-300x150.jpg 300w, https:\/\/cftbc.com\/wp-content\/uploads\/2023\/03\/pexels-ketut-subiyanto-4473096-scaled-e1679339468446-1024x512.jpg 1024w, https:\/\/cftbc.com\/wp-content\/uploads\/2023\/03\/pexels-ketut-subiyanto-4473096-scaled-e1679339468446-768x384.jpg 768w, https:\/\/cftbc.com\/wp-content\/uploads\/2023\/03\/pexels-ketut-subiyanto-4473096-scaled-e1679339468446-1536x768.jpg 1536w, https:\/\/cftbc.com\/wp-content\/uploads\/2023\/03\/pexels-ketut-subiyanto-4473096-scaled-e1679339468446-2048x1024.jpg 2048w, https:\/\/cftbc.com\/wp-content\/uploads\/2023\/03\/pexels-ketut-subiyanto-4473096-scaled-e1679339468446-1320x660.jpg 1320w, https:\/\/cftbc.com\/wp-content\/uploads\/2023\/03\/pexels-ketut-subiyanto-4473096-scaled-e1679339468446-600x300.jpg 600w\" sizes=\"auto, (max-width: 2560px) 100vw, 2560px\" \/><div class=\"wp-block-cover__inner-container is-layout-flow wp-block-cover-is-layout-flow\">\n<h2 class=\"wp-block-heading has-text-align-right\" style=\"margin-top:0;margin-right:0;margin-bottom:0;margin-left:0;font-size:45px\"><strong><mark style=\"background-color:rgba(0, 0, 0, 0)\" class=\"has-inline-color has-white-color\">\u00c0 propos<\/mark><\/strong><\/h2>\n<\/div><\/div>\n\n\n\n<div class=\"wp-block-group\" style=\"border-style:none;border-width:0px;border-radius:0px;padding-top:0px;padding-right:0px;padding-bottom:0px;padding-left:0px\"><div class=\"wp-block-group__inner-container is-layout-constrained wp-container-core-group-is-layout-dcad8d0f wp-block-group-is-layout-constrained\">\n<div class=\"wp-block-group\"><div class=\"wp-block-group__inner-container is-layout-constrained wp-block-group-is-layout-constrained\">\n<div class=\"wp-block-group alignwide has-background\" style=\"background:linear-gradient(135deg,rgba(252,185,0,0.51) 0%,rgb(255,105,0) 100%)\"><div class=\"wp-block-group__inner-container is-layout-constrained wp-block-group-is-layout-constrained\">\n<div class=\"wp-block-group\"><div class=\"wp-block-group__inner-container is-layout-constrained wp-block-group-is-layout-constrained\">\n<h2 class=\"wp-block-heading has-text-align-center\" style=\"font-size:24px;font-style:normal;font-weight:400\"><span style=\"text-decoration: underline;\"><strong><mark style=\"background-color:rgba(0, 0, 0, 0);color:#0476b7\" class=\"has-inline-color\">Centre de Formation <sup>en<\/sup><\/mark><\/strong> <mark style=\"background-color:rgba(0, 0, 0, 0);color:#0274b6\" class=\"has-inline-color\"><strong>Th\u00e9rapies Br\u00e8ves <sup>et<\/sup> Cognitives<\/strong><\/mark><\/span><\/h2>\n\n\n\n<h3 class=\"wp-block-heading has-text-align-center has-medium-font-size\" style=\"font-style:normal;font-weight:400\"><strong>Annecy &#8211; Lyon &#8211; Paris<\/strong><\/h3>\n\n\n\n<p class=\"has-text-align-justify has-medium-font-size\" style=\"margin-top:0;padding-top:var(--wp--preset--spacing--30);padding-right:var(--wp--preset--spacing--30);padding-bottom:var(--wp--preset--spacing--30);padding-left:var(--wp--preset--spacing--30);font-style:normal;font-weight:400;line-height:2\"><mark style=\"background-color:rgba(0, 0, 0, 0)\" class=\"has-inline-color has-black-color\">Pour commencer, le <\/mark><strong><mark style=\"background-color:rgba(0, 0, 0, 0);color:#0379be\" class=\"has-inline-color\">Centre de Formation en Th\u00e9rapies Br\u00e8ves et Cognitives<\/mark><\/strong><mark style=\"background-color:rgba(0, 0, 0, 0)\" class=\"has-inline-color has-black-color\"> <\/mark><strong><mark style=\"background-color:rgba(0, 0, 0, 0);color:#0372b2\" class=\"has-inline-color\">(CFTBC)<\/mark><\/strong><mark style=\"background-color:rgba(0, 0, 0, 0)\" class=\"has-inline-color has-black-color\"> est une association qui pr\u00e9sente un mod\u00e8le de formation simple d&rsquo;acc\u00e8s dans les villes d&rsquo;<strong>Annecy, Lyon et Paris<\/strong>.<\/mark> <mark style=\"background-color:rgba(0, 0, 0, 0)\" class=\"has-inline-color has-black-color\">D&rsquo;une part, qui dit formation en <\/mark><mark style=\"background-color:rgba(0, 0, 0, 0);color:#0177bc\" class=\"has-inline-color\"><strong>Th\u00e9rapies Br\u00e8ves<\/strong><\/mark><mark style=\"background-color:rgba(0, 0, 0, 0)\" class=\"has-inline-color has-black-color\"> dit transmission d&rsquo;outils et de techniques ax\u00e9es sur un mod\u00e8le<\/mark> <mark style=\"background-color:rgba(0, 0, 0, 0)\" class=\"has-inline-color has-black-color\">th\u00e9rapeutique qui propose <strong>des solutions plus rapides et plus \u00e9cologiques<\/strong> <strong>que la normale<\/strong><\/mark>. <mark style=\"background-color:rgba(0, 0, 0, 0)\" class=\"has-inline-color has-black-color\">En outre, la finalit\u00e9 est de r\u00e9soudre <strong>des probl\u00e9matiques d&rsquo;ordre \u00e9motionnel, comportemental et\/ou cognitif<\/strong>.<\/mark> <mark style=\"background-color:rgba(0, 0, 0, 0)\" class=\"has-inline-color has-black-color\">D&rsquo;autre part, qui dit formation en <\/mark><strong><mark style=\"background-color:rgba(0, 0, 0, 0);color:#0374b5\" class=\"has-inline-color\">Th\u00e9rapies Cognitives<\/mark><\/strong> <mark style=\"background-color:rgba(0, 0, 0, 0)\" class=\"has-inline-color has-black-color\">dit transmission d&rsquo;outils et de techniques ax\u00e9es sur un mod\u00e8le<\/mark> <mark style=\"background-color:rgba(0, 0, 0, 0)\" class=\"has-inline-color has-black-color\">th\u00e9rapeutique qui<\/mark> <mark style=\"background-color:rgba(0, 0, 0, 0)\" class=\"has-inline-color has-black-color\">s&rsquo;appuie sur <strong>des processus d&rsquo;apprentissages de la connaissance<\/strong>.<\/mark><\/p>\n\n\n\n<h3 class=\"wp-block-heading has-text-align-center has-medium-font-size\"><strong><mark style=\"background-color:rgba(0, 0, 0, 0)\" class=\"has-inline-color has-black-color\"><span style=\"text-decoration: underline;\">Un objectif partag\u00e9<\/span><\/mark><\/strong><\/h3>\n\n\n\n<p class=\"has-text-align-justify has-medium-font-size\" style=\"margin-top:0;padding-top:var(--wp--preset--spacing--30);padding-right:var(--wp--preset--spacing--30);padding-bottom:var(--wp--preset--spacing--30);padding-left:var(--wp--preset--spacing--30);font-style:normal;font-weight:400;line-height:2\"><mark style=\"background-color:rgba(0, 0, 0, 0)\" class=\"has-inline-color has-black-color\">Par ailleurs, l&rsquo;objet du <\/mark><strong><mark style=\"background-color:rgba(0, 0, 0, 0);color:#0075b8\" class=\"has-inline-color\">Centre de Formation<\/mark><\/strong><mark style=\"background-color:rgba(0, 0, 0, 0)\" class=\"has-inline-color has-black-color\"> est de vous proposer des conseils, des orientations et des accompagnements pluridisciplinaires. Il est ax\u00e9 sur <strong>le d\u00e9veloppement personnel et l\u2019atteinte d\u2019objectifs<\/strong> pr\u00e9alablement \u00e9nonc\u00e9s.<\/mark><\/p>\n\n\n\n<div class=\"wp-block-group alignwide is-vertical is-layout-flex wp-container-core-group-is-layout-8cf370e7 wp-block-group-is-layout-flex\">\n<p class=\"has-text-align-justify has-medium-font-size\" style=\"margin-top:0;padding-top:var(--wp--preset--spacing--30);padding-right:var(--wp--preset--spacing--30);padding-bottom:var(--wp--preset--spacing--30);padding-left:var(--wp--preset--spacing--30);font-style:normal;font-weight:400;line-height:2\"><mark style=\"background-color:rgba(0, 0, 0, 0)\" class=\"has-inline-color has-black-color\">De plus, qu\u2019il s&rsquo;agisse pour vous d&rsquo;atteindre des objectifs relatifs \u00e0 l&rsquo;<strong>apprentissage<\/strong>. Ou bien qu&rsquo;il s&rsquo;agisse pour vous d&rsquo;une volont\u00e9 de <strong>transmettre<\/strong> aux autres des disciplines qui <strong>am\u00e9liorent notre compr\u00e9hension du corps humain et de<\/strong> <strong>la psych\u00e9<\/strong>. Le <\/mark><strong><mark style=\"background-color:rgba(0, 0, 0, 0);color:#0278bc\" class=\"has-inline-color\">Centre de Formation<\/mark><\/strong><mark style=\"background-color:rgba(0, 0, 0, 0)\" class=\"has-inline-color has-black-color\"> s&rsquo;\u00e9vertuera \u00e0 proposer l&rsquo;acc\u00e8s \u00e0 des formations qui <strong>enrichiront votre connaissance et votre pratique<\/strong>.<\/mark><\/p>\n\n\n\n<p class=\"has-text-align-justify has-medium-font-size\" style=\"margin-top:0;padding-top:var(--wp--preset--spacing--30);padding-right:var(--wp--preset--spacing--30);padding-bottom:var(--wp--preset--spacing--30);padding-left:var(--wp--preset--spacing--30);font-style:normal;font-weight:400;line-height:2\"><mark style=\"background-color:rgba(0, 0, 0, 0)\" class=\"has-inline-color has-black-color\">En effet, notre association a vu le jour avec un but fondateur : celui de <strong>faciliter l&rsquo;acquisition de connaissances th\u00e9oriques et pratiques li\u00e9es \u00e0 notre compr\u00e9hension de ce qu&rsquo;est l\u2019\u00catre humain<\/strong>. Nous avons pour ambition, avec votre participation, d\u2019amener notre pierre \u00e0 l\u2019\u00e9difice dans cette construction humaniste du \u00ab\u00a0<strong>Mieux \u00eatre<\/strong> \u00ab\u00a0, du \u00ab\u00a0<strong>Mieux vivre<\/strong> \u00ab\u00a0.<\/mark><\/p>\n\n\n\n<div class=\"wp-block-group\"><div class=\"wp-block-group__inner-container is-layout-constrained wp-block-group-is-layout-constrained\">\n<h3 class=\"wp-block-heading has-text-align-center has-medium-font-size\"><strong><span style=\"text-decoration: underline;\"><mark style=\"background-color:rgba(0, 0, 0, 0)\" class=\"has-inline-color has-black-color\">Une libert\u00e9 d&rsquo;apprentissage<\/mark><\/span><\/strong><\/h3>\n\n\n\n<p class=\"has-text-align-justify has-medium-font-size\" style=\"font-style:normal;font-weight:400\"><mark style=\"background-color:rgba(0, 0, 0, 0)\" class=\"has-inline-color has-black-color\">De plus, en validant votre inscription \u00e0 une ou plusieurs formations, vous adh\u00e9rerez automatiquement \u00e0 l&rsquo;association <strong>pendant 1 an<\/strong>. Durant cette p\u00e9riode, vous aurez la libert\u00e9 de <strong>refaire votre<\/strong> <\/mark><strong><mark style=\"background-color:rgba(0, 0, 0, 0);color:#0370af\" class=\"has-inline-color\">Formation en Th\u00e9rapies Br\u00e8ves et Cognitives<\/mark><\/strong><mark style=\"background-color:rgba(0, 0, 0, 0)\" class=\"has-inline-color has-black-color\"> dans les villes d&rsquo;Annecy, de Lyon et de Paris. Ainsi vous serez en mesure de choisir <strong>ind\u00e9pendamment de votre ville initiale<\/strong>. De surcro\u00eet, vous pourrez \u00e9galement b\u00e9n\u00e9ficier d&rsquo;un <strong>accompagnement aupr\u00e8s d&rsquo;un sp\u00e9cialiste expert <\/strong>dans le ou les domaines choisis.<\/mark> <\/p>\n\n\n\n<h2 class=\"wp-block-heading has-text-align-center has-medium-font-size\"><strong><mark style=\"background-color:rgba(0, 0, 0, 0)\" class=\"has-inline-color has-black-color\"><span style=\"text-decoration: underline;\">Un partenariat pour les praticiens<\/span><\/mark><\/strong><\/h2>\n\n\n\n<p class=\"has-text-align-justify has-medium-font-size\"><mark style=\"background-color:rgba(0, 0, 0, 0)\" class=\"has-inline-color has-black-color\">Enfin, le <\/mark><strong><mark style=\"background-color:rgba(0, 0, 0, 0);color:#0568a1\" class=\"has-inline-color\">CFTBC<\/mark><\/strong><mark style=\"background-color:rgba(0, 0, 0, 0)\" class=\"has-inline-color has-black-color\"> \u00e0 mis en place un partenariat avec l&rsquo;<\/mark><strong><a href=\"http:\/\/institut-tbc.fr\" target=\"_blank\" rel=\"noreferrer noopener\"><mark style=\"background-color:rgba(0, 0, 0, 0);color:#4b6503\" class=\"has-inline-color\">Institut Fran\u00e7ais en Th\u00e9rapies Br\u00e8ves et Cognitifs<\/mark><\/a><mark style=\"background-color:rgba(0, 0, 0, 0);color:#507102\" class=\"has-inline-color\"> <\/mark><a href=\"http:\/\/institut-tbc.fr\" target=\"_blank\" rel=\"noreferrer noopener\"><mark style=\"background-color:rgba(0, 0, 0, 0);color:#5f6805\" class=\"has-inline-color\">(<span style=\"text-decoration: underline;\">institut-tbc.fr<\/span>)<\/mark><\/a><\/strong>. <mark style=\"background-color:rgba(0, 0, 0, 0)\" class=\"has-inline-color has-black-color\">Ce partenariat a \u00e9t\u00e9 instaur\u00e9 dans le but de permettre aux <strong>praticien(ne)s <a href=\"https:\/\/cftbc.com\/index.php\/certification-cftbc\/\">certifi\u00e9(e)s<\/a><\/strong><\/mark> <mark style=\"background-color:rgba(0, 0, 0, 0)\" class=\"has-inline-color has-black-color\"><strong>d&rsquo;acc\u00e9der gratuitement \u00e0 une plate-forme de prise de rendez-vous<\/strong>. En effet, il a \u00e9t\u00e9 mis en place pour  facilit\u00e9 la professionnalisation des praticien(ne)s <a href=\"https:\/\/cftbc.com\/index.php\/certification-cftbc\/\">certifi\u00e9(e)s<\/a> qui ont \u00e0 c\u0153ur d&rsquo;<strong>utiliser leurs connaissances pour accompagner les gens<\/strong> dans leur d\u00e9sir de <strong>\u00ab\u00a0Mieux \u00eatre\u00a0\u00bb, \u00ab\u00a0Mieux vivre\u00a0\u00bb<\/strong>.<\/mark><\/p>\n<\/div><\/div>\n<\/div>\n<\/div><\/div>\n<\/div><\/div>\n\n\n\n<p class=\"has-text-align-justify has-text-color has-medium-font-size\" style=\"color:#e10606;padding-top:var(--wp--preset--spacing--30);padding-right:var(--wp--preset--spacing--30);padding-bottom:var(--wp--preset--spacing--30);padding-left:var(--wp--preset--spacing--30)\"><mark style=\"background-color:rgba(0, 0, 0, 0)\" class=\"has-inline-color has-black-color\"><a href=\"https:\/\/cftbc.com\/\">ENSEMBLE, SOYONS LES ACTEURS DE NOTRE PROPRE \u00c9VOLUTION<\/a><\/mark><strong><a href=\"https:\/\/cftbc.com\/\"><mark style=\"background-color:rgba(0, 0, 0, 0)\" class=\"has-inline-color has-ast-global-color-8-color\">\u00a0<\/mark><\/a><\/strong><mark style=\"background-color:rgba(0, 0, 0, 0)\" class=\"has-inline-color has-ast-global-color-8-color\"><a href=\"https:\/\/cftbc.com\/\">!<\/a><\/mark><\/p>\n\n\n\n<h3 class=\"wp-block-heading has-text-align-center has-text-color\" style=\"color:#0373b3;font-size:22px;font-style:normal;font-weight:400\"><strong><a href=\"https:\/\/cftbc.com\/\">Centre de Formation \u00e0 Annecy &#8211; Lyon &#8211; Paris<\/a><\/strong><\/h3>\n<\/div><\/div>\n<\/div><\/div>\n","protected":false},"excerpt":{"rendered":"<p>Centre de Formation en Th\u00e9rapies Br\u00e8ves et Cognitives Annecy &#8211; Lyon &#8211; Paris Pour commencer, le Centre de Formation en Th\u00e9rapies Br\u00e8ves et Cognitives (CFTBC)&hellip;<\/p>\n","protected":false},"author":1,"featured_media":0,"parent":0,"menu_order":0,"comment_status":"closed","ping_status":"closed","template":"","meta":{"footnotes":""},"class_list":["post-41","page","type-page","status-publish","hentry"],"yoast_head":"<!-- This site is optimized with the Yoast SEO plugin v20.1 - https:\/\/yoast.com\/wordpress\/plugins\/seo\/ -->\n<title>Formation en Th\u00e9rapies Br\u00e8ves Annecy - Lyon - Paris<\/title>\n<meta name=\"description\" content=\"Le Centre de Formation en Th\u00e9rapies Br\u00e8ves et Cognitives vous propose un syst\u00e8me de formation avantageux \u00e0 Annecy, Lyon et Paris...\" \/>\n<meta name=\"robots\" content=\"index, follow, max-snippet:-1, max-image-preview:large, max-video-preview:-1\" \/>\n<link rel=\"canonical\" href=\"https:\/\/cftbc.com\/index.php\/a-propos\/\" \/>\n<meta property=\"og:locale\" content=\"fr_FR\" \/>\n<meta property=\"og:type\" content=\"article\" \/>\n<meta property=\"og:title\" content=\"Formation en Th\u00e9rapies Br\u00e8ves Annecy - Lyon - Paris\" \/>\n<meta property=\"og:description\" content=\"Le Centre de Formation en Th\u00e9rapies Br\u00e8ves et Cognitives vous propose un syst\u00e8me de formation avantageux \u00e0 Annecy, Lyon et Paris...\" \/>\n<meta property=\"og:url\" content=\"https:\/\/cftbc.com\/index.php\/a-propos\/\" \/>\n<meta property=\"og:site_name\" content=\"Centre de Formation en Th\u00e9rapies Br\u00e8ves et Cognitives\" \/>\n<meta property=\"article:modified_time\" content=\"2023-04-21T16:39:20+00:00\" \/>\n<meta property=\"og:image\" content=\"https:\/\/cftbc.com\/wp-content\/uploads\/2023\/03\/pexels-ketut-subiyanto-4473096-scaled-e1679339468446.jpg\" \/>\n<meta name=\"twitter:card\" content=\"summary_large_image\" \/>\n<meta name=\"twitter:label1\" content=\"Dur\u00e9e de lecture estim\u00e9e\" \/>\n\t<meta name=\"twitter:data1\" content=\"3 minutes\" \/>\n<script type=\"application\/ld+json\" class=\"yoast-schema-graph\">{\"@context\":\"https:\/\/schema.org\",\"@graph\":[{\"@type\":\"WebPage\",\"@id\":\"https:\/\/cftbc.com\/index.php\/a-propos\/\",\"url\":\"https:\/\/cftbc.com\/index.php\/a-propos\/\",\"name\":\"Formation en Th\u00e9rapies Br\u00e8ves Annecy - Lyon - Paris\",\"isPartOf\":{\"@id\":\"https:\/\/cftbc.com\/#website\"},\"datePublished\":\"2022-12-15T16:13:17+00:00\",\"dateModified\":\"2023-04-21T16:39:20+00:00\",\"description\":\"Le Centre de Formation en Th\u00e9rapies Br\u00e8ves et Cognitives vous propose un syst\u00e8me de formation avantageux \u00e0 Annecy, Lyon et Paris...\",\"breadcrumb\":{\"@id\":\"https:\/\/cftbc.com\/index.php\/a-propos\/#breadcrumb\"},\"inLanguage\":\"fr-FR\",\"potentialAction\":[{\"@type\":\"ReadAction\",\"target\":[\"https:\/\/cftbc.com\/index.php\/a-propos\/\"]}]},{\"@type\":\"BreadcrumbList\",\"@id\":\"https:\/\/cftbc.com\/index.php\/a-propos\/#breadcrumb\",\"itemListElement\":[{\"@type\":\"ListItem\",\"position\":1,\"name\":\"Accueil\",\"item\":\"https:\/\/cftbc.com\/\"},{\"@type\":\"ListItem\",\"position\":2,\"name\":\"\u00c0 propos\"}]},{\"@type\":\"WebSite\",\"@id\":\"https:\/\/cftbc.com\/#website\",\"url\":\"https:\/\/cftbc.com\/\",\"name\":\"Centre de Formation en Th\u00e9rapies Br\u00e8ves et Cognitives\",\"description\":\"Soyez l&#039;acteur du changement !\",\"publisher\":{\"@id\":\"https:\/\/cftbc.com\/#organization\"},\"potentialAction\":[{\"@type\":\"SearchAction\",\"target\":{\"@type\":\"EntryPoint\",\"urlTemplate\":\"https:\/\/cftbc.com\/?s={search_term_string}\"},\"query-input\":\"required name=search_term_string\"}],\"inLanguage\":\"fr-FR\"},{\"@type\":\"Organization\",\"@id\":\"https:\/\/cftbc.com\/#organization\",\"name\":\"Centre de Formation en Th\u00e9rapies Br\u00e8ves et Cognitives\",\"url\":\"https:\/\/cftbc.com\/\",\"logo\":{\"@type\":\"ImageObject\",\"inLanguage\":\"fr-FR\",\"@id\":\"https:\/\/cftbc.com\/#\/schema\/logo\/image\/\",\"url\":\"https:\/\/cftbc.com\/wp-content\/uploads\/2022\/12\/centre-de-formation-de-therapie1-scaled.jpg\",\"contentUrl\":\"https:\/\/cftbc.com\/wp-content\/uploads\/2022\/12\/centre-de-formation-de-therapie1-scaled.jpg\",\"width\":2238,\"height\":2560,\"caption\":\"Centre de Formation en Th\u00e9rapies Br\u00e8ves et Cognitives\"},\"image\":{\"@id\":\"https:\/\/cftbc.com\/#\/schema\/logo\/image\/\"}}]}<\/script>\n<!-- \/ Yoast SEO plugin. -->","yoast_head_json":{"title":"Formation en Th\u00e9rapies Br\u00e8ves Annecy - Lyon - Paris","description":"Le Centre de Formation en Th\u00e9rapies Br\u00e8ves et Cognitives vous propose un syst\u00e8me de formation avantageux \u00e0 Annecy, Lyon et Paris...","robots":{"index":"index","follow":"follow","max-snippet":"max-snippet:-1","max-image-preview":"max-image-preview:large","max-video-preview":"max-video-preview:-1"},"canonical":"https:\/\/cftbc.com\/index.php\/a-propos\/","og_locale":"fr_FR","og_type":"article","og_title":"Formation en Th\u00e9rapies Br\u00e8ves Annecy - Lyon - Paris","og_description":"Le Centre de Formation en Th\u00e9rapies Br\u00e8ves et Cognitives vous propose un syst\u00e8me de formation avantageux \u00e0 Annecy, Lyon et Paris...","og_url":"https:\/\/cftbc.com\/index.php\/a-propos\/","og_site_name":"Centre de Formation en Th\u00e9rapies Br\u00e8ves et Cognitives","article_modified_time":"2023-04-21T16:39:20+00:00","og_image":[{"url":"https:\/\/cftbc.com\/wp-content\/uploads\/2023\/03\/pexels-ketut-subiyanto-4473096-scaled-e1679339468446.jpg"}],"twitter_card":"summary_large_image","twitter_misc":{"Dur\u00e9e de lecture estim\u00e9e":"3 minutes"},"schema":{"@context":"https:\/\/schema.org","@graph":[{"@type":"WebPage","@id":"https:\/\/cftbc.com\/index.php\/a-propos\/","url":"https:\/\/cftbc.com\/index.php\/a-propos\/","name":"Formation en Th\u00e9rapies Br\u00e8ves Annecy - Lyon - Paris","isPartOf":{"@id":"https:\/\/cftbc.com\/#website"},"datePublished":"2022-12-15T16:13:17+00:00","dateModified":"2023-04-21T16:39:20+00:00","description":"Le Centre de Formation en Th\u00e9rapies Br\u00e8ves et Cognitives vous propose un syst\u00e8me de formation avantageux \u00e0 Annecy, Lyon et Paris...","breadcrumb":{"@id":"https:\/\/cftbc.com\/index.php\/a-propos\/#breadcrumb"},"inLanguage":"fr-FR","potentialAction":[{"@type":"ReadAction","target":["https:\/\/cftbc.com\/index.php\/a-propos\/"]}]},{"@type":"BreadcrumbList","@id":"https:\/\/cftbc.com\/index.php\/a-propos\/#breadcrumb","itemListElement":[{"@type":"ListItem","position":1,"name":"Accueil","item":"https:\/\/cftbc.com\/"},{"@type":"ListItem","position":2,"name":"\u00c0 propos"}]},{"@type":"WebSite","@id":"https:\/\/cftbc.com\/#website","url":"https:\/\/cftbc.com\/","name":"Centre de Formation en Th\u00e9rapies Br\u00e8ves et Cognitives","description":"Soyez l&#039;acteur du changement !","publisher":{"@id":"https:\/\/cftbc.com\/#organization"},"potentialAction":[{"@type":"SearchAction","target":{"@type":"EntryPoint","urlTemplate":"https:\/\/cftbc.com\/?s={search_term_string}"},"query-input":"required name=search_term_string"}],"inLanguage":"fr-FR"},{"@type":"Organization","@id":"https:\/\/cftbc.com\/#organization","name":"Centre de Formation en Th\u00e9rapies Br\u00e8ves et Cognitives","url":"https:\/\/cftbc.com\/","logo":{"@type":"ImageObject","inLanguage":"fr-FR","@id":"https:\/\/cftbc.com\/#\/schema\/logo\/image\/","url":"https:\/\/cftbc.com\/wp-content\/uploads\/2022\/12\/centre-de-formation-de-therapie1-scaled.jpg","contentUrl":"https:\/\/cftbc.com\/wp-content\/uploads\/2022\/12\/centre-de-formation-de-therapie1-scaled.jpg","width":2238,"height":2560,"caption":"Centre de Formation en Th\u00e9rapies Br\u00e8ves et Cognitives"},"image":{"@id":"https:\/\/cftbc.com\/#\/schema\/logo\/image\/"}}]}},"_links":{"self":[{"href":"https:\/\/cftbc.com\/index.php\/wp-json\/wp\/v2\/pages\/41","targetHints":{"allow":["GET"]}}],"collection":[{"href":"https:\/\/cftbc.com\/index.php\/wp-json\/wp\/v2\/pages"}],"about":[{"href":"https:\/\/cftbc.com\/index.php\/wp-json\/wp\/v2\/types\/page"}],"author":[{"embeddable":true,"href":"https:\/\/cftbc.com\/index.php\/wp-json\/wp\/v2\/users\/1"}],"replies":[{"embeddable":true,"href":"https:\/\/cftbc.com\/index.php\/wp-json\/wp\/v2\/comments?post=41"}],"version-history":[{"count":64,"href":"https:\/\/cftbc.com\/index.php\/wp-json\/wp\/v2\/pages\/41\/revisions"}],"predecessor-version":[{"id":2033,"href":"https:\/\/cftbc.com\/index.php\/wp-json\/wp\/v2\/pages\/41\/revisions\/2033"}],"wp:attachment":[{"href":"https:\/\/cftbc.com\/index.php\/wp-json\/wp\/v2\/media?parent=41"}],"curies":[{"name":"wp","href":"https:\/\/api.w.org\/{rel}","templated":true}]}}