{"id":30,"date":"2022-12-15T17:00:27","date_gmt":"2022-12-15T16:00:27","guid":{"rendered":"http:\/\/localhost\/wordpress\/?page_id=30"},"modified":"2023-04-19T04:28:17","modified_gmt":"2023-04-19T02:28:17","slug":"maitre-praticienne-en-hypnose-ericksonienne-2","status":"publish","type":"page","link":"https:\/\/cftbc.com\/index.php\/maitre-praticienne-en-hypnose-ericksonienne-2\/","title":{"rendered":"Ma\u00eetre-Praticien(ne) en Hypnose Ericksonienne"},"content":{"rendered":"\n<div class=\"wp-block-cover alignfull is-light has-custom-content-position is-position-bottom-left\" style=\"padding-top:0;padding-right:0;padding-bottom:0;padding-left:0\"><span aria-hidden=\"true\" class=\"wp-block-cover__background has-background-dim-20 has-background-dim\"><\/span><img loading=\"lazy\" decoding=\"async\" width=\"2560\" height=\"2560\" class=\"wp-block-cover__image-background wp-image-468\" alt=\"\" src=\"https:\/\/cftbc.com\/wp-content\/uploads\/2023\/02\/pexels-admiral-general-m-\u2b50\u2b50\u2b50\u2b50\u2b50-godshepherdly-7375862-scaled.jpg\" style=\"object-position:51% 54%\" data-object-fit=\"cover\" data-object-position=\"51% 54%\" srcset=\"https:\/\/cftbc.com\/wp-content\/uploads\/2023\/02\/pexels-admiral-general-m-\u2b50\u2b50\u2b50\u2b50\u2b50-godshepherdly-7375862-scaled.jpg 2560w, https:\/\/cftbc.com\/wp-content\/uploads\/2023\/02\/pexels-admiral-general-m-\u2b50\u2b50\u2b50\u2b50\u2b50-godshepherdly-7375862-300x300.jpg 300w, https:\/\/cftbc.com\/wp-content\/uploads\/2023\/02\/pexels-admiral-general-m-\u2b50\u2b50\u2b50\u2b50\u2b50-godshepherdly-7375862-scaled-100x100.jpg 100w, https:\/\/cftbc.com\/wp-content\/uploads\/2023\/02\/pexels-admiral-general-m-\u2b50\u2b50\u2b50\u2b50\u2b50-godshepherdly-7375862-scaled-600x600.jpg 600w, https:\/\/cftbc.com\/wp-content\/uploads\/2023\/02\/pexels-admiral-general-m-\u2b50\u2b50\u2b50\u2b50\u2b50-godshepherdly-7375862-1024x1024.jpg 1024w, https:\/\/cftbc.com\/wp-content\/uploads\/2023\/02\/pexels-admiral-general-m-\u2b50\u2b50\u2b50\u2b50\u2b50-godshepherdly-7375862-150x150.jpg 150w, https:\/\/cftbc.com\/wp-content\/uploads\/2023\/02\/pexels-admiral-general-m-\u2b50\u2b50\u2b50\u2b50\u2b50-godshepherdly-7375862-768x768.jpg 768w, https:\/\/cftbc.com\/wp-content\/uploads\/2023\/02\/pexels-admiral-general-m-\u2b50\u2b50\u2b50\u2b50\u2b50-godshepherdly-7375862-1536x1536.jpg 1536w, https:\/\/cftbc.com\/wp-content\/uploads\/2023\/02\/pexels-admiral-general-m-\u2b50\u2b50\u2b50\u2b50\u2b50-godshepherdly-7375862-2048x2048.jpg 2048w\" sizes=\"auto, (max-width: 2560px) 100vw, 2560px\" \/><div class=\"wp-block-cover__inner-container is-layout-flow wp-block-cover-is-layout-flow\">\n<h1 class=\"wp-block-heading has-text-align-center has-ast-global-color-5-color has-text-color\" style=\"margin-top:0;margin-right:0;margin-bottom:0;margin-left:0;padding-top:var(--wp--preset--spacing--20);padding-right:var(--wp--preset--spacing--20);padding-bottom:var(--wp--preset--spacing--20);padding-left:var(--wp--preset--spacing--20);font-size:45px\"><mark style=\"background-color:rgba(0, 0, 0, 0)\" class=\"has-inline-color has-white-color\"><strong>Ma\u00eetre-Praticien(ne) en Hypnose Ericksonienne<\/strong><\/mark><\/h1>\n<\/div><\/div>\n\n\n\n<h3 class=\"wp-block-heading\"><strong><span style=\"text-decoration: underline;\">Qu&rsquo;est-ce qu&rsquo;un(e) <mark style=\"background-color:rgba(0, 0, 0, 0);color:#0b5113\" class=\"has-inline-color\">Ma\u00eetre-Praticien(ne) en Hypnose Ericksonienne<\/mark><\/span> ?<\/strong><\/h3>\n\n\n\n<h5 class=\"wp-block-heading\" style=\"margin-top:var(--wp--preset--spacing--50);font-size:22px\"><em><mark style=\"background-color:rgba(0, 0, 0, 0)\" class=\"has-inline-color has-ast-global-color-7-color\">Souhaitez-vous devenir un(e) Praticien(ne) qui a <\/mark><mark style=\"background-color:rgba(0, 0, 0, 0)\" class=\"has-inline-color has-ast-global-color-8-color\">le <strong>contr\u00f4le sur son art<\/strong>&nbsp;<\/mark><mark style=\"background-color:rgba(0, 0, 0, 0)\" class=\"has-inline-color has-ast-global-color-7-color\">? Un(e) sp\u00e9cialiste de la communication Ericksonienne qui sait <\/mark><strong><mark style=\"background-color:rgba(0, 0, 0, 0)\" class=\"has-inline-color has-ast-global-color-8-color\">contourner les obstacles<\/mark><\/strong><mark style=\"background-color:rgba(0, 0, 0, 0)\" class=\"has-inline-color has-ast-global-color-7-color\"> qui se dressent devant elle\/lui&nbsp;?<\/mark><\/em><\/h5>\n\n\n\n<h5 class=\"wp-block-heading\" style=\"font-size:22px\"><em><mark style=\"background-color:rgba(0, 0, 0, 0)\" class=\"has-inline-color has-ast-global-color-7-color\">Souhaitez-vous d\u00e9velopper un \u00ab&nbsp;savoir-\u00eatre&nbsp;\u00bb qui <\/mark><mark style=\"background-color:rgba(0, 0, 0, 0)\" class=\"has-inline-color has-ast-global-color-8-color\"><strong>favorise le lien<\/strong> autour de vous<\/mark><mark style=\"background-color:rgba(0, 0, 0, 0)\" class=\"has-inline-color has-ast-global-color-7-color\">, qui attire<\/mark><\/em> <em>l<mark style=\"background-color:rgba(0, 0, 0, 0)\" class=\"has-inline-color has-ast-global-color-7-color\">es personnes en qu\u00eate de progr\u00e8s&nbsp;? Une personne qui sait comment <\/mark><strong><mark style=\"background-color:rgba(0, 0, 0, 0)\" class=\"has-inline-color has-ast-global-color-8-color\">\u00e9viter toute communication conflictuelle ou st\u00e9rile<\/mark><\/strong><mark style=\"background-color:rgba(0, 0, 0, 0)\" class=\"has-inline-color has-ast-global-color-7-color\">&nbsp;?<\/mark><\/em><\/h5>\n\n\n\n<h5 class=\"wp-block-heading\" style=\"font-size:22px;font-style:normal;font-weight:600\"><em>Souhaitez-vous comprendre<\/em><mark style=\"background-color:rgba(0, 0, 0, 0)\" class=\"has-inline-color has-ast-global-color-7-color\"><em> comment <\/em><\/mark><strong><em><mark style=\"background-color:rgba(0, 0, 0, 0)\" class=\"has-inline-color has-ast-global-color-8-color\">atteindre vos objectifs<\/mark><\/em><\/strong><mark style=\"background-color:rgba(0, 0, 0, 0)\" class=\"has-inline-color has-ast-global-color-7-color\"><em>&nbsp;? Devenir un(e) sp\u00e9cialiste qui sait comment <\/em><\/mark><mark style=\"background-color:rgba(0, 0, 0, 0)\" class=\"has-inline-color has-ast-global-color-8-color\"><em><strong>sortir du labyrinthe du \u00ab&nbsp;comment faire pour r\u00e9ussir&nbsp;\u00bb<\/strong>&nbsp;<\/em><\/mark><mark style=\"background-color:rgba(0, 0, 0, 0)\" class=\"has-inline-color has-ast-global-color-7-color\"><em>?<\/em><\/mark><\/h5>\n\n\n\n<p class=\"has-text-align-justify has-medium-font-size\" style=\"font-style:normal;font-weight:700\">Cette partie de la formation, <mark style=\"background-color:rgba(0, 0, 0, 0);color:#075105\" class=\"has-inline-color\"><strong>Ma\u00eetre-Praticien(ne)<\/strong> en Hypnose Ericksonienne<\/mark>,<mark style=\"background-color:rgba(0, 0, 0, 0)\" class=\"has-inline-color has-ast-global-color-8-color\"> <\/mark>vous apportera des r\u00e9ponses favorables \u00e0 ces questions, et des solutions sur mesure <strong><mark style=\"background-color:rgba(0, 0, 0, 0)\" class=\"has-inline-color has-ast-global-color-8-color\">qui feront de vous<\/mark> <mark style=\"background-color:rgba(0, 0, 0, 0)\" class=\"has-inline-color has-ast-global-color-8-color\">un(e) expert(e)<\/mark><\/strong> en communication Ericksonienne.<\/p>\n\n\n\n<p class=\"has-text-align-justify has-medium-font-size\">Vous <strong><mark style=\"background-color:rgba(0, 0, 0, 0)\" class=\"has-inline-color has-ast-global-color-8-color\">augmenterez vos connaissances techniques et le niveau de votre pratique<\/mark><\/strong>. Vous <strong><mark style=\"background-color:rgba(0, 0, 0, 0)\" class=\"has-inline-color has-ast-global-color-8-color\">perfectionnerez vos automatismes<\/mark><\/strong>&nbsp;:<\/p>\n\n\n\n<ul class=\"has-medium-font-size wp-block-list\">\n<li><mark style=\"background-color:rgba(0, 0, 0, 0);color:#005408\" class=\"has-inline-color\">Pour <em>d\u00e9terminer efficacement et avec pertinence les v\u00e9ritables objectifs de vos interlocuteurs<\/em>.<\/mark><\/li>\n\n\n\n<li><mark style=\"background-color:rgba(0, 0, 0, 0);color:#004c04\" class=\"has-inline-color\">Pour <em>\u00e9tablir et maintenir un haut niveau de comp\u00e9tence tout au long de la communication (consciente et inconsciente)<\/em>.<\/mark><\/li>\n\n\n\n<li><mark style=\"background-color:rgba(0, 0, 0, 0);color:#055002\" class=\"has-inline-color\">Pour <em>s\u00e9lectionner de fa\u00e7on pr\u00e9cise les meilleures strat\u00e9gies d\u2019intervention<\/em>.<\/mark><\/li>\n<\/ul>\n\n\n\n<p class=\"has-text-align-justify has-medium-font-size\" style=\"margin-top:0;margin-right:0;margin-bottom:0;margin-left:0;line-height:2\">\u00c0 la fin de cette formation,vous pourrez devenir un(e) <strong><mark style=\"background-color:rgba(0, 0, 0, 0);color:#055002\" class=\"has-inline-color\">Ma\u00eetre-Praticien(ne) <\/mark><\/strong><mark style=\"background-color:rgba(0, 0, 0, 0)\" class=\"has-inline-color has-ast-global-color-8-color\"><strong>certifi\u00e9(e) <\/strong><\/mark><strong><mark style=\"background-color:rgba(0, 0, 0, 0)\" class=\"has-inline-color has-black-color\">CFTBC<\/mark><\/strong>.<\/p>\n\n\n\n<p class=\"has-text-align-justify has-medium-font-size\">Cette partie de la formation vous offrira un enseignement de qualit\u00e9 d&rsquo;une dur\u00e9e de <strong>12 jours.<\/strong><\/p>\n\n\n\n<p class=\"has-text-align-justify has-medium-font-size\">La partie <a href=\"https:\/\/cftbc.com\/index.php\/praticienne-en-hypnose-ericksonienne\/\"><mark style=\"background-color:rgba(0, 0, 0, 0);color:#298522\" class=\"has-inline-color\"><strong>Praticien(ne) <\/strong>en Hypnose Ericksonienne<\/mark><\/a><mark style=\"background-color:rgba(0, 0, 0, 0);color:#34832f\" class=\"has-inline-color\"> <\/mark>est le <strong>pr\u00e9requis indispensable pour pouvoir acc\u00e9der \u00e0 la partie <\/strong><mark style=\"background-color:rgba(0, 0, 0, 0);color:#155a0e\" class=\"has-inline-color\"><strong>Ma\u00eetre-Praticien(ne) <\/strong>en Hypnose Ericksonienne<\/mark> (certifiante).<\/p>\n\n\n\n<div class=\"wp-block-buttons is-layout-flex wp-block-buttons-is-layout-flex\">\n<div class=\"wp-block-button has-custom-font-size is-style-fill has-medium-font-size\"><a class=\"wp-block-button__link has-ast-global-color-4-color has-contrast-background-color has-text-color has-background wp-element-button\" href=\"https:\/\/cftbc.com\/index.php\/formation-hypnose-annecy-lyon-paris-dates-et-tarifs\/\" style=\"border-radius:12px;padding-top:12px;padding-right:12px;padding-bottom:12px;padding-left:12px\"><strong>Dates et Tarifs<\/strong><\/a><\/div>\n\n\n\n<div class=\"wp-block-button has-custom-font-size is-style-fill has-medium-font-size\"><a class=\"wp-block-button__link has-ast-global-color-4-color has-contrast-background-color has-text-color has-background wp-element-button\" href=\"https:\/\/cftbc.com\/index.php\/contenu-maitre-praticienne-en-hypnose-ericksonienne\/\" style=\"border-radius:12px;padding-top:12px;padding-right:12px;padding-bottom:12px;padding-left:12px\"><strong>Contenu de Formation<\/strong><\/a><\/div>\n\n\n\n<div class=\"wp-block-button has-custom-font-size is-style-fill has-medium-font-size\"><a class=\"wp-block-button__link has-ast-global-color-4-color has-contrast-background-color has-text-color has-background wp-element-button\" href=\"https:\/\/cftbc.com\/index.php\/certifications\/\" style=\"border-radius:12px;padding-top:12px;padding-right:12px;padding-bottom:12px;padding-left:12px\" target=\"_blank\" rel=\"noreferrer noopener\"><strong>Certifications<\/strong><\/a><\/div>\n<\/div>\n\n\n\n<p><\/p>\n","protected":false},"excerpt":{"rendered":"<p>Qu&rsquo;est-ce qu&rsquo;un(e) Ma\u00eetre-Praticien(ne) en Hypnose Ericksonienne ? Souhaitez-vous devenir un(e) Praticien(ne) qui a le contr\u00f4le sur son art&nbsp;? Un(e) sp\u00e9cialiste de la communication Ericksonienne qui&hellip;<\/p>\n","protected":false},"author":1,"featured_media":0,"parent":0,"menu_order":0,"comment_status":"closed","ping_status":"closed","template":"","meta":{"footnotes":""},"class_list":["post-30","page","type-page","status-publish","hentry"],"yoast_head":"<!-- This site is optimized with the Yoast SEO plugin v20.1 - https:\/\/yoast.com\/wordpress\/plugins\/seo\/ -->\n<title>Ma\u00eetre-Praticien(ne) en Hypnose - Formation<\/title>\n<meta name=\"description\" content=\"Cette formation de Ma\u00eetre-Praticien(ne) en Hypnose vous donnera les moyens de devenir un(e) expert(e) de la communication Ericksonienne...\" \/>\n<meta name=\"robots\" content=\"index, follow, max-snippet:-1, max-image-preview:large, max-video-preview:-1\" \/>\n<link rel=\"canonical\" href=\"https:\/\/cftbc.com\/index.php\/maitre-praticienne-en-hypnose-ericksonienne-2\/\" \/>\n<meta property=\"og:locale\" content=\"fr_FR\" \/>\n<meta property=\"og:type\" content=\"article\" \/>\n<meta property=\"og:title\" content=\"Ma\u00eetre-Praticien(ne) en Hypnose - Formation\" \/>\n<meta property=\"og:description\" content=\"Cette formation de Ma\u00eetre-Praticien(ne) en Hypnose vous donnera les moyens de devenir un(e) expert(e) de la communication Ericksonienne...\" \/>\n<meta property=\"og:url\" content=\"https:\/\/cftbc.com\/index.php\/maitre-praticienne-en-hypnose-ericksonienne-2\/\" \/>\n<meta property=\"og:site_name\" content=\"Centre de Formation en Th\u00e9rapies Br\u00e8ves et Cognitives\" \/>\n<meta property=\"article:modified_time\" content=\"2023-04-19T02:28:17+00:00\" \/>\n<meta property=\"og:image\" content=\"https:\/\/cftbc.com\/wp-content\/uploads\/2022\/12\/cropped-centre-de-formation-de-therapie1-scaled-2.jpg\" \/>\n\t<meta property=\"og:image:width\" content=\"512\" \/>\n\t<meta property=\"og:image:height\" content=\"512\" \/>\n\t<meta property=\"og:image:type\" content=\"image\/jpeg\" \/>\n<meta name=\"twitter:card\" content=\"summary_large_image\" \/>\n<meta name=\"twitter:label1\" content=\"Dur\u00e9e de lecture estim\u00e9e\" \/>\n\t<meta name=\"twitter:data1\" content=\"2 minutes\" \/>\n<script type=\"application\/ld+json\" class=\"yoast-schema-graph\">{\"@context\":\"https:\/\/schema.org\",\"@graph\":[{\"@type\":\"WebPage\",\"@id\":\"https:\/\/cftbc.com\/index.php\/maitre-praticienne-en-hypnose-ericksonienne-2\/\",\"url\":\"https:\/\/cftbc.com\/index.php\/maitre-praticienne-en-hypnose-ericksonienne-2\/\",\"name\":\"Ma\u00eetre-Praticien(ne) en Hypnose - Formation\",\"isPartOf\":{\"@id\":\"https:\/\/cftbc.com\/#website\"},\"datePublished\":\"2022-12-15T16:00:27+00:00\",\"dateModified\":\"2023-04-19T02:28:17+00:00\",\"description\":\"Cette formation de Ma\u00eetre-Praticien(ne) en Hypnose vous donnera les moyens de devenir un(e) expert(e) de la communication Ericksonienne...\",\"breadcrumb\":{\"@id\":\"https:\/\/cftbc.com\/index.php\/maitre-praticienne-en-hypnose-ericksonienne-2\/#breadcrumb\"},\"inLanguage\":\"fr-FR\",\"potentialAction\":[{\"@type\":\"ReadAction\",\"target\":[\"https:\/\/cftbc.com\/index.php\/maitre-praticienne-en-hypnose-ericksonienne-2\/\"]}]},{\"@type\":\"BreadcrumbList\",\"@id\":\"https:\/\/cftbc.com\/index.php\/maitre-praticienne-en-hypnose-ericksonienne-2\/#breadcrumb\",\"itemListElement\":[{\"@type\":\"ListItem\",\"position\":1,\"name\":\"Accueil\",\"item\":\"https:\/\/cftbc.com\/\"},{\"@type\":\"ListItem\",\"position\":2,\"name\":\"Ma\u00eetre-Praticien(ne) en Hypnose Ericksonienne\"}]},{\"@type\":\"WebSite\",\"@id\":\"https:\/\/cftbc.com\/#website\",\"url\":\"https:\/\/cftbc.com\/\",\"name\":\"Centre de Formation en Th\u00e9rapies Br\u00e8ves et Cognitives\",\"description\":\"Soyez l&#039;acteur du changement !\",\"publisher\":{\"@id\":\"https:\/\/cftbc.com\/#organization\"},\"potentialAction\":[{\"@type\":\"SearchAction\",\"target\":{\"@type\":\"EntryPoint\",\"urlTemplate\":\"https:\/\/cftbc.com\/?s={search_term_string}\"},\"query-input\":\"required name=search_term_string\"}],\"inLanguage\":\"fr-FR\"},{\"@type\":\"Organization\",\"@id\":\"https:\/\/cftbc.com\/#organization\",\"name\":\"Centre de Formation en Th\u00e9rapies Br\u00e8ves et Cognitives\",\"url\":\"https:\/\/cftbc.com\/\",\"logo\":{\"@type\":\"ImageObject\",\"inLanguage\":\"fr-FR\",\"@id\":\"https:\/\/cftbc.com\/#\/schema\/logo\/image\/\",\"url\":\"https:\/\/cftbc.com\/wp-content\/uploads\/2022\/12\/centre-de-formation-de-therapie1-scaled.jpg\",\"contentUrl\":\"https:\/\/cftbc.com\/wp-content\/uploads\/2022\/12\/centre-de-formation-de-therapie1-scaled.jpg\",\"width\":2238,\"height\":2560,\"caption\":\"Centre de Formation en Th\u00e9rapies Br\u00e8ves et Cognitives\"},\"image\":{\"@id\":\"https:\/\/cftbc.com\/#\/schema\/logo\/image\/\"}}]}<\/script>\n<!-- \/ Yoast SEO plugin. -->","yoast_head_json":{"title":"Ma\u00eetre-Praticien(ne) en Hypnose - Formation","description":"Cette formation de Ma\u00eetre-Praticien(ne) en Hypnose vous donnera les moyens de devenir un(e) expert(e) de la communication Ericksonienne...","robots":{"index":"index","follow":"follow","max-snippet":"max-snippet:-1","max-image-preview":"max-image-preview:large","max-video-preview":"max-video-preview:-1"},"canonical":"https:\/\/cftbc.com\/index.php\/maitre-praticienne-en-hypnose-ericksonienne-2\/","og_locale":"fr_FR","og_type":"article","og_title":"Ma\u00eetre-Praticien(ne) en Hypnose - Formation","og_description":"Cette formation de Ma\u00eetre-Praticien(ne) en Hypnose vous donnera les moyens de devenir un(e) expert(e) de la communication Ericksonienne...","og_url":"https:\/\/cftbc.com\/index.php\/maitre-praticienne-en-hypnose-ericksonienne-2\/","og_site_name":"Centre de Formation en Th\u00e9rapies Br\u00e8ves et Cognitives","article_modified_time":"2023-04-19T02:28:17+00:00","og_image":[{"width":512,"height":512,"url":"https:\/\/cftbc.com\/wp-content\/uploads\/2022\/12\/cropped-centre-de-formation-de-therapie1-scaled-2.jpg","type":"image\/jpeg"}],"twitter_card":"summary_large_image","twitter_misc":{"Dur\u00e9e de lecture estim\u00e9e":"2 minutes"},"schema":{"@context":"https:\/\/schema.org","@graph":[{"@type":"WebPage","@id":"https:\/\/cftbc.com\/index.php\/maitre-praticienne-en-hypnose-ericksonienne-2\/","url":"https:\/\/cftbc.com\/index.php\/maitre-praticienne-en-hypnose-ericksonienne-2\/","name":"Ma\u00eetre-Praticien(ne) en Hypnose - Formation","isPartOf":{"@id":"https:\/\/cftbc.com\/#website"},"datePublished":"2022-12-15T16:00:27+00:00","dateModified":"2023-04-19T02:28:17+00:00","description":"Cette formation de Ma\u00eetre-Praticien(ne) en Hypnose vous donnera les moyens de devenir un(e) expert(e) de la communication Ericksonienne...","breadcrumb":{"@id":"https:\/\/cftbc.com\/index.php\/maitre-praticienne-en-hypnose-ericksonienne-2\/#breadcrumb"},"inLanguage":"fr-FR","potentialAction":[{"@type":"ReadAction","target":["https:\/\/cftbc.com\/index.php\/maitre-praticienne-en-hypnose-ericksonienne-2\/"]}]},{"@type":"BreadcrumbList","@id":"https:\/\/cftbc.com\/index.php\/maitre-praticienne-en-hypnose-ericksonienne-2\/#breadcrumb","itemListElement":[{"@type":"ListItem","position":1,"name":"Accueil","item":"https:\/\/cftbc.com\/"},{"@type":"ListItem","position":2,"name":"Ma\u00eetre-Praticien(ne) en Hypnose Ericksonienne"}]},{"@type":"WebSite","@id":"https:\/\/cftbc.com\/#website","url":"https:\/\/cftbc.com\/","name":"Centre de Formation en Th\u00e9rapies Br\u00e8ves et Cognitives","description":"Soyez l&#039;acteur du changement !","publisher":{"@id":"https:\/\/cftbc.com\/#organization"},"potentialAction":[{"@type":"SearchAction","target":{"@type":"EntryPoint","urlTemplate":"https:\/\/cftbc.com\/?s={search_term_string}"},"query-input":"required name=search_term_string"}],"inLanguage":"fr-FR"},{"@type":"Organization","@id":"https:\/\/cftbc.com\/#organization","name":"Centre de Formation en Th\u00e9rapies Br\u00e8ves et Cognitives","url":"https:\/\/cftbc.com\/","logo":{"@type":"ImageObject","inLanguage":"fr-FR","@id":"https:\/\/cftbc.com\/#\/schema\/logo\/image\/","url":"https:\/\/cftbc.com\/wp-content\/uploads\/2022\/12\/centre-de-formation-de-therapie1-scaled.jpg","contentUrl":"https:\/\/cftbc.com\/wp-content\/uploads\/2022\/12\/centre-de-formation-de-therapie1-scaled.jpg","width":2238,"height":2560,"caption":"Centre de Formation en Th\u00e9rapies Br\u00e8ves et Cognitives"},"image":{"@id":"https:\/\/cftbc.com\/#\/schema\/logo\/image\/"}}]}},"_links":{"self":[{"href":"https:\/\/cftbc.com\/index.php\/wp-json\/wp\/v2\/pages\/30","targetHints":{"allow":["GET"]}}],"collection":[{"href":"https:\/\/cftbc.com\/index.php\/wp-json\/wp\/v2\/pages"}],"about":[{"href":"https:\/\/cftbc.com\/index.php\/wp-json\/wp\/v2\/types\/page"}],"author":[{"embeddable":true,"href":"https:\/\/cftbc.com\/index.php\/wp-json\/wp\/v2\/users\/1"}],"replies":[{"embeddable":true,"href":"https:\/\/cftbc.com\/index.php\/wp-json\/wp\/v2\/comments?post=30"}],"version-history":[{"count":58,"href":"https:\/\/cftbc.com\/index.php\/wp-json\/wp\/v2\/pages\/30\/revisions"}],"predecessor-version":[{"id":1973,"href":"https:\/\/cftbc.com\/index.php\/wp-json\/wp\/v2\/pages\/30\/revisions\/1973"}],"wp:attachment":[{"href":"https:\/\/cftbc.com\/index.php\/wp-json\/wp\/v2\/media?parent=30"}],"curies":[{"name":"wp","href":"https:\/\/api.w.org\/{rel}","templated":true}]}}