{"id":12,"date":"2022-12-15T16:52:06","date_gmt":"2022-12-15T15:52:06","guid":{"rendered":"http:\/\/localhost\/wordpress\/?page_id=12"},"modified":"2023-04-19T04:26:43","modified_gmt":"2023-04-19T02:26:43","slug":"technicienne-en-hypnose-ericksonienne","status":"publish","type":"page","link":"https:\/\/cftbc.com\/index.php\/technicienne-en-hypnose-ericksonienne\/","title":{"rendered":"Technicien(ne) en Hypnose Ericksonienne"},"content":{"rendered":"\n<div class=\"wp-block-cover alignfull has-custom-content-position is-position-top-left\" style=\"min-height:567px;aspect-ratio:unset;\"><span aria-hidden=\"true\" class=\"wp-block-cover__background has-background-dim-0 has-background-dim\"><\/span><img loading=\"lazy\" decoding=\"async\" width=\"2560\" height=\"1702\" class=\"wp-block-cover__image-background wp-image-1575\" alt=\"\" src=\"https:\/\/cftbc.com\/wp-content\/uploads\/2023\/03\/pexels-cosmin-paduraru-3409812-1-scaled.jpg\" style=\"object-position:58% 83%\" data-object-fit=\"cover\" data-object-position=\"58% 83%\" srcset=\"https:\/\/cftbc.com\/wp-content\/uploads\/2023\/03\/pexels-cosmin-paduraru-3409812-1-scaled.jpg 2560w, https:\/\/cftbc.com\/wp-content\/uploads\/2023\/03\/pexels-cosmin-paduraru-3409812-1-300x199.jpg 300w, https:\/\/cftbc.com\/wp-content\/uploads\/2023\/03\/pexels-cosmin-paduraru-3409812-1-1024x681.jpg 1024w, https:\/\/cftbc.com\/wp-content\/uploads\/2023\/03\/pexels-cosmin-paduraru-3409812-1-768x511.jpg 768w, https:\/\/cftbc.com\/wp-content\/uploads\/2023\/03\/pexels-cosmin-paduraru-3409812-1-1536x1021.jpg 1536w, https:\/\/cftbc.com\/wp-content\/uploads\/2023\/03\/pexels-cosmin-paduraru-3409812-1-2048x1362.jpg 2048w, https:\/\/cftbc.com\/wp-content\/uploads\/2023\/03\/pexels-cosmin-paduraru-3409812-1-1320x878.jpg 1320w, https:\/\/cftbc.com\/wp-content\/uploads\/2023\/03\/pexels-cosmin-paduraru-3409812-1-600x399.jpg 600w\" sizes=\"auto, (max-width: 2560px) 100vw, 2560px\" \/><div class=\"wp-block-cover__inner-container is-layout-flow wp-block-cover-is-layout-flow\">\n<h3 class=\"wp-block-heading has-text-align-center\" style=\"font-size:45px\"><strong><mark style=\"background-color:rgba(0, 0, 0, 0)\" class=\"has-inline-color has-white-color\">Technicien(ne) en Hypnose Ericksonienne<\/mark><\/strong><\/h3>\n<\/div><\/div>\n\n\n\n<h4 class=\"wp-block-heading\"><strong><span style=\"text-decoration: underline;\">Vos premiers pas<\/span><\/strong><\/h4>\n\n\n\n<p class=\"has-text-align-justify has-medium-font-size\">La formation de <strong><mark style=\"background-color:rgba(0, 0, 0, 0);color:#66c277\" class=\"has-inline-color\">Technicien(ne) <\/mark><\/strong><mark style=\"background-color:rgba(0, 0, 0, 0);color:#66c277\" class=\"has-inline-color\">en Hypnose Ericksonienne<\/mark><mark style=\"background-color:rgba(0, 0, 0, 0);color:#6ae280\" class=\"has-inline-color\"> <\/mark>que nous vous proposons est <mark style=\"background-color:rgba(0, 0, 0, 0)\" class=\"has-inline-color has-ast-global-color-8-color\">la <strong>premi\u00e8re \u00e9tape de l\u2019apprentissage de la communication Ericksonienne<\/strong><\/mark>. Elle est le point de d\u00e9part d\u2019un ensemble de connaissances d\u00e9di\u00e9es \u00e0 <mark style=\"background-color:rgba(0, 0, 0, 0)\" class=\"has-inline-color has-ast-global-color-8-color\"><strong>la transmission de \u00ab&nbsp;savoir-\u00eatre&nbsp;\u00bb et de \u00ab&nbsp;savoir-faire&nbsp;\u00bb<\/strong> <\/mark>appropri\u00e9s.<mark style=\"background-color:rgba(0, 0, 0, 0)\" class=\"has-inline-color has-ast-global-color-8-color\"> <\/mark>Cette transmission facilitera l&rsquo;<mark style=\"background-color:rgba(0, 0, 0, 0)\" class=\"has-inline-color has-ast-global-color-8-color\">\u00e9tablissement d&rsquo;une communication de qualit\u00e9 avec l\u2019inconscient d\u2019une personne, y compris le v\u00f4tre<\/mark>.<\/p>\n\n\n\n<p class=\"has-text-align-justify has-medium-font-size\">Cette formation vous enseignera les <mark style=\"background-color:rgba(0, 0, 0, 0)\" class=\"has-inline-color has-ast-global-color-8-color\"><strong>techniques d\u2019induction, d&rsquo;approfondissement et d\u2019accompagnement<\/strong> <\/mark>des personnes dans un \u00e9tat hypnotique, quel que soit leur profile. Vous saurez rapidement <strong><mark style=\"background-color:rgba(0, 0, 0, 0)\" class=\"has-inline-color has-black-color\">diriger une s\u00e9ance d&rsquo;hypnose individuelle ou collective<\/mark><\/strong>. <\/p>\n\n\n\n<p class=\"has-text-align-justify has-medium-font-size\">Pour faciliter l\u2019int\u00e9gration de ces diff\u00e9rentes techniques, c&rsquo;est <strong>un(e) formateur\/trice expert(e) vous encadrera. <\/strong>Dans un cadre de tol\u00e9rance, il ou elle<strong> vous conseillera et vous apportera des solutions personnalis\u00e9es<\/strong>. Il ou elle prendra \u00e0 c\u0153ur d&rsquo;instaurer une <strong><mark style=\"background-color:rgba(0, 0, 0, 0)\" class=\"has-inline-color has-ast-global-color-8-color\">dynamique bienveillante et favorable \u00e0 l\u2019apprentissage<\/mark> de chacun<\/strong>. <\/p>\n\n\n\n<p class=\"has-medium-font-size\">Quelles que soient vos croyances au sujet de vos capacit\u00e9s, <mark style=\"background-color:rgba(0, 0, 0, 0)\" class=\"has-inline-color has-black-color\"><strong>vous<\/strong> <strong>avez en vous toutes les ressources n\u00e9cessaires<\/strong><\/mark> <strong>pour apprendre, d\u00e9velopper toutes les comp\u00e9tences d&rsquo;un hypnotiseur<\/strong>. <\/p>\n\n\n\n<p class=\"has-text-align-justify has-medium-font-size\">Cette formation en <mark style=\"background-color:rgba(0, 0, 0, 0)\" class=\"has-inline-color has-ast-global-color-8-color\">communication Ericksonienne<\/mark>, partie <strong><mark style=\"background-color:rgba(0, 0, 0, 0);color:#7fc880\" class=\"has-inline-color\">Technicien(ne)<\/mark><\/strong>, vous offrira un enseignement de qualit\u00e9 qui durera <strong>4 jours, soit en continu, soit sur 2 week-ends<\/strong>.<\/p>\n\n\n\n<p class=\"has-text-align-justify has-medium-font-size\">La partie <mark style=\"background-color:rgba(0, 0, 0, 0);color:#83c784\" class=\"has-inline-color\"><strong>Technicien(ne) <\/strong>en Hypnose<\/mark> est le <strong>pr\u00e9requis pour pouvoir acc\u00e9der \u00e0 la partie <\/strong><a data-type=\"page\" data-id=\"14\" href=\"https:\/\/cftbc.com\/index.php\/praticienne-en-hypnose-ericksonienne\/\" target=\"_blank\" rel=\"noreferrer noopener\"><mark style=\"background-color:rgba(0, 0, 0, 0);color:#1d9122\" class=\"has-inline-color\"><strong>Praticien(ne) <\/strong>en Hypnose<\/mark> <\/a>(certifiante).<\/p>\n\n\n\n<div class=\"wp-block-buttons is-layout-flex wp-block-buttons-is-layout-flex\">\n<div class=\"wp-block-button has-custom-font-size is-style-fill has-medium-font-size\"><a class=\"wp-block-button__link has-ast-global-color-4-color has-contrast-background-color has-text-color has-background wp-element-button\" href=\"https:\/\/cftbc.com\/index.php\/formation-hypnose-annecy-lyon-paris-dates-et-tarifs\/\" style=\"border-radius:12px;padding-top:12px;padding-right:12px;padding-bottom:12px;padding-left:12px\"><strong>Dates et Tarifs<\/strong><\/a><\/div>\n\n\n\n<div class=\"wp-block-button has-custom-font-size is-style-fill has-medium-font-size\"><a class=\"wp-block-button__link has-ast-global-color-4-color has-contrast-background-color has-text-color has-background wp-element-button\" href=\"https:\/\/cftbc.com\/index.php\/contenu-du-technicienne-en-hypnose-ericksonienne\/\" style=\"border-radius:12px;padding-top:12px;padding-right:12px;padding-bottom:12px;padding-left:12px\"><strong>Contenu de Formation<\/strong><\/a><\/div>\n\n\n\n<div class=\"wp-block-button has-custom-font-size is-style-fill has-medium-font-size\"><a class=\"wp-block-button__link has-ast-global-color-4-color has-contrast-background-color has-text-color has-background wp-element-button\" href=\"https:\/\/cftbc.com\/index.php\/certifications\/\" style=\"border-radius:12px;padding-top:12px;padding-right:12px;padding-bottom:12px;padding-left:12px\" target=\"_blank\" rel=\"noreferrer noopener\"><strong>Certifications<\/strong><\/a><\/div>\n<\/div>\n","protected":false},"excerpt":{"rendered":"<p>Vos premiers pas La formation de Technicien(ne) en Hypnose Ericksonienne que nous vous proposons est la premi\u00e8re \u00e9tape de l\u2019apprentissage de la communication Ericksonienne. Elle&hellip;<\/p>\n","protected":false},"author":1,"featured_media":0,"parent":0,"menu_order":0,"comment_status":"closed","ping_status":"closed","template":"","meta":{"footnotes":""},"class_list":["post-12","page","type-page","status-publish","hentry"],"yoast_head":"<!-- This site is optimized with the Yoast SEO plugin v20.1 - https:\/\/yoast.com\/wordpress\/plugins\/seo\/ -->\n<title>Technicien(ne) en Hypnose - Formation<\/title>\n<meta name=\"description\" content=\"Cette formation de Technicien(ne) en Hypnose vous apportera les outils de compr\u00e9hension et d&#039;application de l&#039;Hypnose Ericksonienne...\" \/>\n<meta name=\"robots\" content=\"index, follow, max-snippet:-1, max-image-preview:large, max-video-preview:-1\" \/>\n<link rel=\"canonical\" href=\"https:\/\/cftbc.com\/index.php\/technicienne-en-hypnose-ericksonienne\/\" \/>\n<meta property=\"og:locale\" content=\"fr_FR\" \/>\n<meta property=\"og:type\" content=\"article\" \/>\n<meta property=\"og:title\" content=\"Technicien(ne) en Hypnose - Formation\" \/>\n<meta property=\"og:description\" content=\"Cette formation de Technicien(ne) en Hypnose vous apportera les outils de compr\u00e9hension et d&#039;application de l&#039;Hypnose Ericksonienne...\" \/>\n<meta property=\"og:url\" content=\"https:\/\/cftbc.com\/index.php\/technicienne-en-hypnose-ericksonienne\/\" \/>\n<meta property=\"og:site_name\" content=\"Centre de Formation en Th\u00e9rapies Br\u00e8ves et Cognitives\" \/>\n<meta property=\"article:modified_time\" content=\"2023-04-19T02:26:43+00:00\" \/>\n<meta property=\"og:image\" content=\"https:\/\/cftbc.com\/wp-content\/uploads\/2023\/03\/pexels-cosmin-paduraru-3409812-1-scaled.jpg\" \/>\n<meta name=\"twitter:card\" content=\"summary_large_image\" \/>\n<meta name=\"twitter:label1\" content=\"Dur\u00e9e de lecture estim\u00e9e\" \/>\n\t<meta name=\"twitter:data1\" content=\"2 minutes\" \/>\n<script type=\"application\/ld+json\" class=\"yoast-schema-graph\">{\"@context\":\"https:\/\/schema.org\",\"@graph\":[{\"@type\":\"WebPage\",\"@id\":\"https:\/\/cftbc.com\/index.php\/technicienne-en-hypnose-ericksonienne\/\",\"url\":\"https:\/\/cftbc.com\/index.php\/technicienne-en-hypnose-ericksonienne\/\",\"name\":\"Technicien(ne) en Hypnose - Formation\",\"isPartOf\":{\"@id\":\"https:\/\/cftbc.com\/#website\"},\"datePublished\":\"2022-12-15T15:52:06+00:00\",\"dateModified\":\"2023-04-19T02:26:43+00:00\",\"description\":\"Cette formation de Technicien(ne) en Hypnose vous apportera les outils de compr\u00e9hension et d'application de l'Hypnose Ericksonienne...\",\"breadcrumb\":{\"@id\":\"https:\/\/cftbc.com\/index.php\/technicienne-en-hypnose-ericksonienne\/#breadcrumb\"},\"inLanguage\":\"fr-FR\",\"potentialAction\":[{\"@type\":\"ReadAction\",\"target\":[\"https:\/\/cftbc.com\/index.php\/technicienne-en-hypnose-ericksonienne\/\"]}]},{\"@type\":\"BreadcrumbList\",\"@id\":\"https:\/\/cftbc.com\/index.php\/technicienne-en-hypnose-ericksonienne\/#breadcrumb\",\"itemListElement\":[{\"@type\":\"ListItem\",\"position\":1,\"name\":\"Accueil\",\"item\":\"https:\/\/cftbc.com\/\"},{\"@type\":\"ListItem\",\"position\":2,\"name\":\"Technicien(ne) en Hypnose Ericksonienne\"}]},{\"@type\":\"WebSite\",\"@id\":\"https:\/\/cftbc.com\/#website\",\"url\":\"https:\/\/cftbc.com\/\",\"name\":\"Centre de Formation en Th\u00e9rapies Br\u00e8ves et Cognitives\",\"description\":\"Soyez l&#039;acteur du changement !\",\"publisher\":{\"@id\":\"https:\/\/cftbc.com\/#organization\"},\"potentialAction\":[{\"@type\":\"SearchAction\",\"target\":{\"@type\":\"EntryPoint\",\"urlTemplate\":\"https:\/\/cftbc.com\/?s={search_term_string}\"},\"query-input\":\"required name=search_term_string\"}],\"inLanguage\":\"fr-FR\"},{\"@type\":\"Organization\",\"@id\":\"https:\/\/cftbc.com\/#organization\",\"name\":\"Centre de Formation en Th\u00e9rapies Br\u00e8ves et Cognitives\",\"url\":\"https:\/\/cftbc.com\/\",\"logo\":{\"@type\":\"ImageObject\",\"inLanguage\":\"fr-FR\",\"@id\":\"https:\/\/cftbc.com\/#\/schema\/logo\/image\/\",\"url\":\"https:\/\/cftbc.com\/wp-content\/uploads\/2022\/12\/centre-de-formation-de-therapie1-scaled.jpg\",\"contentUrl\":\"https:\/\/cftbc.com\/wp-content\/uploads\/2022\/12\/centre-de-formation-de-therapie1-scaled.jpg\",\"width\":2238,\"height\":2560,\"caption\":\"Centre de Formation en Th\u00e9rapies Br\u00e8ves et Cognitives\"},\"image\":{\"@id\":\"https:\/\/cftbc.com\/#\/schema\/logo\/image\/\"}}]}<\/script>\n<!-- \/ Yoast SEO plugin. -->","yoast_head_json":{"title":"Technicien(ne) en Hypnose - Formation","description":"Cette formation de Technicien(ne) en Hypnose vous apportera les outils de compr\u00e9hension et d'application de l'Hypnose Ericksonienne...","robots":{"index":"index","follow":"follow","max-snippet":"max-snippet:-1","max-image-preview":"max-image-preview:large","max-video-preview":"max-video-preview:-1"},"canonical":"https:\/\/cftbc.com\/index.php\/technicienne-en-hypnose-ericksonienne\/","og_locale":"fr_FR","og_type":"article","og_title":"Technicien(ne) en Hypnose - Formation","og_description":"Cette formation de Technicien(ne) en Hypnose vous apportera les outils de compr\u00e9hension et d'application de l'Hypnose Ericksonienne...","og_url":"https:\/\/cftbc.com\/index.php\/technicienne-en-hypnose-ericksonienne\/","og_site_name":"Centre de Formation en Th\u00e9rapies Br\u00e8ves et Cognitives","article_modified_time":"2023-04-19T02:26:43+00:00","og_image":[{"url":"https:\/\/cftbc.com\/wp-content\/uploads\/2023\/03\/pexels-cosmin-paduraru-3409812-1-scaled.jpg"}],"twitter_card":"summary_large_image","twitter_misc":{"Dur\u00e9e de lecture estim\u00e9e":"2 minutes"},"schema":{"@context":"https:\/\/schema.org","@graph":[{"@type":"WebPage","@id":"https:\/\/cftbc.com\/index.php\/technicienne-en-hypnose-ericksonienne\/","url":"https:\/\/cftbc.com\/index.php\/technicienne-en-hypnose-ericksonienne\/","name":"Technicien(ne) en Hypnose - Formation","isPartOf":{"@id":"https:\/\/cftbc.com\/#website"},"datePublished":"2022-12-15T15:52:06+00:00","dateModified":"2023-04-19T02:26:43+00:00","description":"Cette formation de Technicien(ne) en Hypnose vous apportera les outils de compr\u00e9hension et d'application de l'Hypnose Ericksonienne...","breadcrumb":{"@id":"https:\/\/cftbc.com\/index.php\/technicienne-en-hypnose-ericksonienne\/#breadcrumb"},"inLanguage":"fr-FR","potentialAction":[{"@type":"ReadAction","target":["https:\/\/cftbc.com\/index.php\/technicienne-en-hypnose-ericksonienne\/"]}]},{"@type":"BreadcrumbList","@id":"https:\/\/cftbc.com\/index.php\/technicienne-en-hypnose-ericksonienne\/#breadcrumb","itemListElement":[{"@type":"ListItem","position":1,"name":"Accueil","item":"https:\/\/cftbc.com\/"},{"@type":"ListItem","position":2,"name":"Technicien(ne) en Hypnose Ericksonienne"}]},{"@type":"WebSite","@id":"https:\/\/cftbc.com\/#website","url":"https:\/\/cftbc.com\/","name":"Centre de Formation en Th\u00e9rapies Br\u00e8ves et Cognitives","description":"Soyez l&#039;acteur du changement !","publisher":{"@id":"https:\/\/cftbc.com\/#organization"},"potentialAction":[{"@type":"SearchAction","target":{"@type":"EntryPoint","urlTemplate":"https:\/\/cftbc.com\/?s={search_term_string}"},"query-input":"required name=search_term_string"}],"inLanguage":"fr-FR"},{"@type":"Organization","@id":"https:\/\/cftbc.com\/#organization","name":"Centre de Formation en Th\u00e9rapies Br\u00e8ves et Cognitives","url":"https:\/\/cftbc.com\/","logo":{"@type":"ImageObject","inLanguage":"fr-FR","@id":"https:\/\/cftbc.com\/#\/schema\/logo\/image\/","url":"https:\/\/cftbc.com\/wp-content\/uploads\/2022\/12\/centre-de-formation-de-therapie1-scaled.jpg","contentUrl":"https:\/\/cftbc.com\/wp-content\/uploads\/2022\/12\/centre-de-formation-de-therapie1-scaled.jpg","width":2238,"height":2560,"caption":"Centre de Formation en Th\u00e9rapies Br\u00e8ves et Cognitives"},"image":{"@id":"https:\/\/cftbc.com\/#\/schema\/logo\/image\/"}}]}},"_links":{"self":[{"href":"https:\/\/cftbc.com\/index.php\/wp-json\/wp\/v2\/pages\/12","targetHints":{"allow":["GET"]}}],"collection":[{"href":"https:\/\/cftbc.com\/index.php\/wp-json\/wp\/v2\/pages"}],"about":[{"href":"https:\/\/cftbc.com\/index.php\/wp-json\/wp\/v2\/types\/page"}],"author":[{"embeddable":true,"href":"https:\/\/cftbc.com\/index.php\/wp-json\/wp\/v2\/users\/1"}],"replies":[{"embeddable":true,"href":"https:\/\/cftbc.com\/index.php\/wp-json\/wp\/v2\/comments?post=12"}],"version-history":[{"count":47,"href":"https:\/\/cftbc.com\/index.php\/wp-json\/wp\/v2\/pages\/12\/revisions"}],"predecessor-version":[{"id":1971,"href":"https:\/\/cftbc.com\/index.php\/wp-json\/wp\/v2\/pages\/12\/revisions\/1971"}],"wp:attachment":[{"href":"https:\/\/cftbc.com\/index.php\/wp-json\/wp\/v2\/media?parent=12"}],"curies":[{"name":"wp","href":"https:\/\/api.w.org\/{rel}","templated":true}]}}