{"id":10,"date":"2022-12-15T16:50:41","date_gmt":"2022-12-15T15:50:41","guid":{"rendered":"http:\/\/localhost\/wordpress\/?page_id=10"},"modified":"2023-04-21T00:57:47","modified_gmt":"2023-04-20T22:57:47","slug":"formation-en-pnl","status":"publish","type":"page","link":"https:\/\/cftbc.com\/index.php\/formation-en-pnl\/","title":{"rendered":"Formation en PNL"},"content":{"rendered":"\n<div class=\"wp-block-cover alignfull has-custom-content-position is-position-bottom-left\" style=\"min-height:475px;aspect-ratio:unset;\"><span aria-hidden=\"true\" class=\"wp-block-cover__background has-background-dim-0 has-background-dim\"><\/span><img loading=\"lazy\" decoding=\"async\" width=\"1734\" height=\"1548\" class=\"wp-block-cover__image-background wp-image-852\" alt=\"\" src=\"https:\/\/cftbc.com\/wp-content\/uploads\/2023\/02\/pexels-rachel-claire-4577718-scaled-e1676832555454.jpg\" style=\"object-position:54% 41%\" data-object-fit=\"cover\" data-object-position=\"54% 41%\" srcset=\"https:\/\/cftbc.com\/wp-content\/uploads\/2023\/02\/pexels-rachel-claire-4577718-scaled-e1676832555454.jpg 1734w, https:\/\/cftbc.com\/wp-content\/uploads\/2023\/02\/pexels-rachel-claire-4577718-scaled-e1676832555454-600x536.jpg 600w, https:\/\/cftbc.com\/wp-content\/uploads\/2023\/02\/pexels-rachel-claire-4577718-scaled-e1676832555454-300x268.jpg 300w, https:\/\/cftbc.com\/wp-content\/uploads\/2023\/02\/pexels-rachel-claire-4577718-scaled-e1676832555454-1024x914.jpg 1024w, https:\/\/cftbc.com\/wp-content\/uploads\/2023\/02\/pexels-rachel-claire-4577718-scaled-e1676832555454-768x686.jpg 768w, https:\/\/cftbc.com\/wp-content\/uploads\/2023\/02\/pexels-rachel-claire-4577718-scaled-e1676832555454-1536x1371.jpg 1536w\" sizes=\"auto, (max-width: 1734px) 100vw, 1734px\" \/><div class=\"wp-block-cover__inner-container is-layout-flow wp-block-cover-is-layout-flow\">\n<h2 class=\"wp-block-heading has-text-align-center\" style=\"margin-top:0;margin-right:0;margin-bottom:0;margin-left:0;padding-top:0;padding-right:0;padding-bottom:0;padding-left:0;font-size:40px\"><mark style=\"background-color:rgba(0, 0, 0, 0)\" class=\"has-inline-color has-white-color\"><strong>Programmation Neuro-Linguistique<\/strong><\/mark><\/h2>\n<\/div><\/div>\n\n\n\n<h2 class=\"wp-block-heading alignfull has-vivid-cyan-blue-color has-text-color has-large-font-size\" style=\"margin-top:var(--wp--preset--spacing--40);margin-left:0\"><strong><mark style=\"background-color:rgba(0, 0, 0, 0)\" class=\"has-inline-color has-ast-global-color-8-color\">Formation en PNL<\/mark><\/strong> <\/h2>\n\n\n\n<p class=\"has-vivid-cyan-blue-color has-text-color\"><strong><mark style=\"background-color:rgba(0, 0, 0, 0)\" class=\"has-inline-color has-ast-global-color-8-color\"><a href=\"https:\/\/cftbc.com\/index.php\/certification-cftbc\/\">Certifi\u00e9e CFTBC<\/a><\/mark><\/strong><\/p>\n\n\n\n<p class=\"has-text-align-justify has-medium-font-size\">La <strong>PNL<\/strong> est <strong>une <mark style=\"background-color:rgba(0, 0, 0, 0)\" class=\"has-inline-color has-ast-global-color-8-color\">m\u00e9thode de communication passionnante<\/mark><\/strong>, tant par sa facilit\u00e9 d\u2019acc\u00e8s que par son efficacit\u00e9. Elle a pris naissance \u00e0 partir des travaux de <mark style=\"background-color:rgba(0, 0, 0, 0)\" class=\"has-inline-color has-ast-global-color-8-color\">Richard Bandler et John Grinder<\/mark>, qui mirent tr\u00e8s t\u00f4t en \u00e9vidence <strong>les <\/strong><mark style=\"background-color:rgba(0, 0, 0, 0)\" class=\"has-inline-color has-ast-global-color-8-color\"><strong>relations \u00e9troites qu\u2019il existe entre<\/strong> les \u00ab&nbsp;<strong>processus neurologiques<\/strong>&nbsp;\u00bb (Neuro), le \u00ab&nbsp;<strong>langage<\/strong>&nbsp;\u00bb (Linguistique) et les <strong>sch\u00e9mas comportementaux et \u00e9motionnels<\/strong> (Programmation)<\/mark>.<\/p>\n\n\n\n<h4 class=\"wp-block-heading has-medium-font-size\"><strong><span style=\"text-decoration: underline;\">Mieux comprendre<\/span><\/strong><\/h4>\n\n\n\n<p class=\"has-text-align-justify has-medium-font-size\">Souvent d\u00e9sign\u00e9e comme le \u00ab&nbsp;<strong><mark style=\"background-color:rgba(0, 0, 0, 0)\" class=\"has-inline-color has-ast-global-color-8-color\">mode d\u2019emploi du cerveau<\/mark><\/strong>&nbsp;\u00bb, la PNL permet de <mark style=\"background-color:rgba(0, 0, 0, 0)\" class=\"has-inline-color has-ast-global-color-8-color\">comprendre comment nous fonctionnons, comment nous appr\u00e9hendons le monde, et pourquoi nous agissons de telle ou telle fa\u00e7on.<\/mark><\/p>\n\n\n\n<p class=\"has-text-align-justify has-medium-font-size\">La PNL c\u2019est aussi <strong>le moyen de <\/strong><mark style=\"background-color:rgba(0, 0, 0, 0)\" class=\"has-inline-color has-ast-global-color-8-color\"><strong>comprendre<\/strong> l\u2019autre dans son propre mod\u00e8le du monde<\/mark>.<\/p>\n\n\n\n<p class=\"has-text-align-justify has-medium-font-size\">Elle est <strong>un outil exceptionnel pour <\/strong><mark style=\"background-color:rgba(0, 0, 0, 0)\" class=\"has-inline-color has-ast-global-color-8-color\"><strong>la d\u00e9termination et l\u2019atteinte des objectifs<\/strong> <strong>d\u00e9sir\u00e9s<\/strong><\/mark>.<\/p>\n\n\n\n<p class=\"has-text-align-justify has-medium-font-size\">Le <strong><a href=\"https:\/\/cftbc.com\/index.php\/a-propos\/\"><mark style=\"background-color:rgba(0, 0, 0, 0);color:#0271b1\" class=\"has-inline-color\">Centre de Formation en Th\u00e9rapies Br\u00e8ves et Cognitives<\/mark><\/a><\/strong><mark style=\"background-color:rgba(0, 0, 0, 0)\" class=\"has-inline-color has-ast-global-color-8-color\"><strong> <\/strong><\/mark><strong><a href=\"https:\/\/cftbc.com\/index.php\/a-propos\/\"><mark style=\"background-color:rgba(0, 0, 0, 0);color:#0171b2\" class=\"has-inline-color\">(CFTBC)<\/mark><\/a><\/strong><mark style=\"background-color:rgba(0, 0, 0, 0)\" class=\"has-inline-color has-ast-global-color-8-color\"> <\/mark>vous propose <strong>une formation en PNL de grande qualit\u00e9<\/strong>, que ce soit au niveau de l\u2019enseignement th\u00e9orique qu\u2019au niveau du suivi personnalis\u00e9 lors des mises en \u0153uvre pratiques.<\/p>\n\n\n\n<p class=\"has-text-align-justify has-medium-font-size\">Lors de cette formation vous d\u00e9couvrirez ou approfondirez <mark style=\"background-color:rgba(0, 0, 0, 0)\" class=\"has-inline-color has-ast-global-color-8-color\">des outils de communication puissants<\/mark> qui vous ouvriront les portes <strong><mark style=\"background-color:rgba(0, 0, 0, 0)\" class=\"has-inline-color has-ast-global-color-8-color\">de nouvelles perceptions du monde <\/mark>qui nous entoure<\/strong>, ainsi que <strong><mark style=\"background-color:rgba(0, 0, 0, 0)\" class=\"has-inline-color has-ast-global-color-8-color\">de nouvelles repr\u00e9sentations mentales<\/mark><\/strong>.<\/p>\n\n\n\n<h4 class=\"wp-block-heading has-medium-font-size\"><strong><span style=\"text-decoration: underline;\">Mieux Agir<\/span><\/strong><\/h4>\n\n\n\n<p class=\"has-text-align-justify has-medium-font-size\">La pratique de la PNL sous-entend l\u2019<mark style=\"background-color:rgba(0, 0, 0, 0)\" class=\"has-inline-color has-ast-global-color-8-color\">application d\u2019un \u00ab&nbsp;savoir-\u00eatre&nbsp;\u00bb et d\u2019un \u00ab&nbsp;savoir-faire&nbsp;\u00bb qui consistent \u00e0 utiliser <strong>une attitude et un langage particulier <\/strong><\/mark><strong>dans le but d\u2019accompagner une personne (ou plusieurs) dans une introspection individualis\u00e9e conduisant \u00e0 l\u2019<\/strong><mark style=\"background-color:rgba(0, 0, 0, 0)\" class=\"has-inline-color has-ast-global-color-8-color\"><strong>atteinte d\u2019un l\u2019objectif pr\u00e9alablement \u00e9nonc\u00e9<\/strong><\/mark>. Ce style de communication est tr\u00e8s efficace pour que cette personne puisse <mark style=\"background-color:rgba(0, 0, 0, 0)\" class=\"has-inline-color has-ast-global-color-8-color\">trouver plus facilement les ressources, les informations ou les solutions<\/mark> qui lui permettront de <strong>r\u00e9aliser les changements qu\u2019elle souhaite<\/strong>.<\/p>\n\n\n\n<p class=\"has-text-align-justify has-medium-font-size\">Prenant un nouvel \u00e9lan ces derni\u00e8res ann\u00e9es, la PNL est devenue <mark style=\"background-color:rgba(0, 0, 0, 0)\" class=\"has-inline-color has-ast-global-color-8-color\">un outil th\u00e9rapeutique et de r\u00e9solution de probl\u00e8mes<\/mark> privil\u00e9gi\u00e9 par un tr\u00e8s grand nombre de praticiens dans le monde, car elle est <strong><mark style=\"background-color:rgba(0, 0, 0, 0)\" class=\"has-inline-color has-ast-global-color-8-color\">redoutable pour traiter les probl\u00e9matiques d\u2019ordre cognitif, comportemental, \u00e9motionnel, ou de manifestations corporelles<\/mark><\/strong>. <mark style=\"background-color:#f4b9b9\" class=\"has-inline-color\">En aucun cas un substitut \u00e0 la m\u00e9decine ou au syst\u00e8me de sant\u00e9<\/mark>, la pratique de la PNL a n\u00e9anmoins des fonctions th\u00e9rapeutiques qui <strong>offrent des r\u00e9sultats qui pourraient vous surprendre par leur <mark style=\"background-color:rgba(0, 0, 0, 0)\" class=\"has-inline-color has-ast-global-color-8-color\">rapidit\u00e9<\/mark> et leur  niveau de<mark style=\"background-color:rgba(0, 0, 0, 0)\" class=\"has-inline-color has-ast-global-color-8-color\"> performance<\/mark><\/strong>.<\/p>\n\n\n\n<h4 class=\"wp-block-heading has-medium-font-size\"><strong><span style=\"text-decoration: underline;\">Un parcours d&rsquo;apprentissage<\/span><\/strong><\/h4>\n\n\n\n<p class=\"has-text-align-justify has-medium-font-size\">Le <strong><a href=\"https:\/\/cftbc.com\/index.php\/a-propos\/\"><mark style=\"background-color:rgba(0, 0, 0, 0);color:#0574b4\" class=\"has-inline-color\">Centre de Formation en Th\u00e9rapies Br\u00e8ves et Cognitives<\/mark><\/a><\/strong> vous pr\u00e9sente un parcours en PNL sp\u00e9cifique, <strong>adapt\u00e9 \u00e0 chacun(e), d\u00e9butant(e) ou confirm\u00e9(e), quel que soit son niveau d\u2019\u00e9tude<\/strong>.<\/p>\n\n\n\n<p class=\"has-text-align-justify has-medium-font-size\">Le <strong><a href=\"https:\/\/cftbc.com\/index.php\/a-propos\/\"><mark style=\"background-color:rgba(0, 0, 0, 0);color:#0570ae\" class=\"has-inline-color\">CFTBC<\/mark><\/a><\/strong> met l\u2019accent sur la pratique de chaque technique lors des formations qu\u2019il propose, <strong>afin que chaque <mark style=\"background-color:rgba(0, 0, 0, 0)\" class=\"has-inline-color has-vivid-cyan-blue-color\">Praticien(ne)<\/mark> ou <mark style=\"background-color:rgba(0, 0, 0, 0);color:#0e338a\" class=\"has-inline-color\">Ma\u00eetre-Praticien(ne)<\/mark> <mark style=\"background-color:rgba(0, 0, 0, 0)\" class=\"has-inline-color has-ast-global-color-8-color\">certifi\u00e9(e)<\/mark> soit <mark style=\"background-color:rgba(0, 0, 0, 0)\" class=\"has-inline-color has-ast-global-color-8-color\">en confiance et dans la ma\u00eetrise<\/mark> des techniques <\/strong>relatives \u00e0 la pratique de la <strong>Programmation Neuro-Linguistique<\/strong>. Chaque formation compte <strong><mark style=\"background-color:rgba(0, 0, 0, 0)\" class=\"has-inline-color has-ast-global-color-8-color\">plus de 50% de mise en pratique<\/mark><\/strong> pour que vous vous confrontiez \u00e0 la r\u00e9alit\u00e9 de cette discipline, et que vous d\u00e9veloppiez des comp\u00e9tences \u00e9lev\u00e9es.<\/p>\n\n\n\n<div class=\"wp-block-group has-contrast-color has-text-color has-background\" style=\"background:linear-gradient(90deg,rgb(212,242,251) 0%,rgb(0,67,236) 100%)\"><div class=\"wp-block-group__inner-container is-layout-constrained wp-block-group-is-layout-constrained\">\n<h2 class=\"wp-block-heading has-contrast-color has-text-color has-large-font-size\"><strong>Parcours de Formations<\/strong> <\/h2>\n\n\n\n<p class=\"has-text-align-justify has-contrast-color has-text-color\"><mark style=\"background-color:rgba(0, 0, 0, 0);color:#3c3232\" class=\"has-inline-color\">Ces 3 formations sont \u00e9volutives et compl\u00e9mentaires, chacune \u00e9tant le pr\u00e9requis de la suivante. Elles permettent d&rsquo;acqu\u00e9rir un niveau d&rsquo;expertise de plus en plus \u00e9lev\u00e9 qui sera l&rsquo;alli\u00e9 de vos projets.<\/mark><\/p>\n\n\n\n<div class=\"wp-block-buttons has-custom-font-size has-medium-font-size is-content-justification-center is-layout-flex wp-container-core-buttons-is-layout-47571c3d wp-block-buttons-is-layout-flex\">\n<div class=\"wp-block-button has-custom-font-size has-medium-font-size\"><a class=\"wp-block-button__link has-base-color has-text-color has-background wp-element-button\" href=\"https:\/\/cftbc.com\/index.php\/technicienne-en-pnl\/\" style=\"border-radius:15px;background:linear-gradient(272deg,rgb(7,89,205) 0%,rgb(4,111,204) 18%,rgb(83,163,224) 66%,rgb(40,173,252) 100%);padding-top:15px;padding-right:15px;padding-bottom:15px;padding-left:15px\" target=\"_blank\" rel=\"noreferrer noopener\"><strong>Technicien(ne)<\/strong><\/a><\/div>\n\n\n\n<div class=\"wp-block-button has-custom-font-size has-medium-font-size\"><a class=\"wp-block-button__link has-base-color has-text-color has-background wp-element-button\" href=\"https:\/\/cftbc.com\/index.php\/praticienne-en-pnl\/\" style=\"border-radius:15px;background:linear-gradient(268deg,rgb(1,22,180) 0%,rgb(5,49,225) 47%,rgb(36,96,250) 76%,rgb(40,116,252) 100%);padding-top:15px;padding-right:15px;padding-bottom:15px;padding-left:15px\" target=\"_blank\" rel=\"noreferrer noopener\"><strong>Praticien(ne)<\/strong><\/a><\/div>\n\n\n\n<div class=\"wp-block-button has-custom-font-size has-medium-font-size\"><a class=\"wp-block-button__link has-base-color has-text-color has-background wp-element-button\" href=\"https:\/\/cftbc.com\/index.php\/maitre-praticienne-en-pnl\/\" style=\"border-radius:15px;background:linear-gradient(268deg,rgb(4,4,56) 0%,rgb(24,4,180) 100%,rgb(3,80,213) 100%)\" target=\"_blank\" rel=\"noreferrer noopener\"><strong>Ma\u00eetre-Praticien(ne)<\/strong><\/a><\/div>\n<\/div>\n<\/div><\/div>\n\n\n\n<p><\/p>\n","protected":false},"excerpt":{"rendered":"<p>Formation en PNL Certifi\u00e9e CFTBC La PNL est une m\u00e9thode de communication passionnante, tant par sa facilit\u00e9 d\u2019acc\u00e8s que par son efficacit\u00e9. Elle a pris&hellip;<\/p>\n","protected":false},"author":1,"featured_media":0,"parent":0,"menu_order":0,"comment_status":"closed","ping_status":"closed","template":"","meta":{"footnotes":""},"class_list":["post-10","page","type-page","status-publish","hentry"],"yoast_head":"<!-- This site is optimized with the Yoast SEO plugin v20.1 - https:\/\/yoast.com\/wordpress\/plugins\/seo\/ -->\n<title>Formation en PNL<\/title>\n<meta name=\"description\" content=\"Cette formation en Programmation Neuro-Linguistique (PNL) permet de mieux comprendre et intervenir sur les comportements et les strat\u00e9gies...\" \/>\n<meta name=\"robots\" content=\"index, follow, max-snippet:-1, max-image-preview:large, max-video-preview:-1\" \/>\n<link rel=\"canonical\" href=\"https:\/\/cftbc.com\/index.php\/formation-en-pnl\/\" \/>\n<meta property=\"og:locale\" content=\"fr_FR\" \/>\n<meta property=\"og:type\" content=\"article\" \/>\n<meta property=\"og:title\" content=\"Formation en PNL\" \/>\n<meta property=\"og:description\" content=\"Cette formation en Programmation Neuro-Linguistique (PNL) permet de mieux comprendre et intervenir sur les comportements et les strat\u00e9gies...\" \/>\n<meta property=\"og:url\" content=\"https:\/\/cftbc.com\/index.php\/formation-en-pnl\/\" \/>\n<meta property=\"og:site_name\" content=\"Centre de Formation en Th\u00e9rapies Br\u00e8ves et Cognitives\" \/>\n<meta property=\"article:modified_time\" content=\"2023-04-20T22:57:47+00:00\" \/>\n<meta property=\"og:image\" content=\"https:\/\/cftbc.com\/wp-content\/uploads\/2023\/02\/pexels-rachel-claire-4577718-scaled-e1676832555454.jpg\" \/>\n<meta name=\"twitter:card\" content=\"summary_large_image\" \/>\n<meta name=\"twitter:label1\" content=\"Dur\u00e9e de lecture estim\u00e9e\" \/>\n\t<meta name=\"twitter:data1\" content=\"3 minutes\" \/>\n<script type=\"application\/ld+json\" class=\"yoast-schema-graph\">{\"@context\":\"https:\/\/schema.org\",\"@graph\":[{\"@type\":\"WebPage\",\"@id\":\"https:\/\/cftbc.com\/index.php\/formation-en-pnl\/\",\"url\":\"https:\/\/cftbc.com\/index.php\/formation-en-pnl\/\",\"name\":\"Formation en PNL\",\"isPartOf\":{\"@id\":\"https:\/\/cftbc.com\/#website\"},\"datePublished\":\"2022-12-15T15:50:41+00:00\",\"dateModified\":\"2023-04-20T22:57:47+00:00\",\"description\":\"Cette formation en Programmation Neuro-Linguistique (PNL) permet de mieux comprendre et intervenir sur les comportements et les strat\u00e9gies...\",\"breadcrumb\":{\"@id\":\"https:\/\/cftbc.com\/index.php\/formation-en-pnl\/#breadcrumb\"},\"inLanguage\":\"fr-FR\",\"potentialAction\":[{\"@type\":\"ReadAction\",\"target\":[\"https:\/\/cftbc.com\/index.php\/formation-en-pnl\/\"]}]},{\"@type\":\"BreadcrumbList\",\"@id\":\"https:\/\/cftbc.com\/index.php\/formation-en-pnl\/#breadcrumb\",\"itemListElement\":[{\"@type\":\"ListItem\",\"position\":1,\"name\":\"Accueil\",\"item\":\"https:\/\/cftbc.com\/\"},{\"@type\":\"ListItem\",\"position\":2,\"name\":\"Formation en PNL\"}]},{\"@type\":\"WebSite\",\"@id\":\"https:\/\/cftbc.com\/#website\",\"url\":\"https:\/\/cftbc.com\/\",\"name\":\"Centre de Formation en Th\u00e9rapies Br\u00e8ves et Cognitives\",\"description\":\"Soyez l&#039;acteur du changement !\",\"publisher\":{\"@id\":\"https:\/\/cftbc.com\/#organization\"},\"potentialAction\":[{\"@type\":\"SearchAction\",\"target\":{\"@type\":\"EntryPoint\",\"urlTemplate\":\"https:\/\/cftbc.com\/?s={search_term_string}\"},\"query-input\":\"required name=search_term_string\"}],\"inLanguage\":\"fr-FR\"},{\"@type\":\"Organization\",\"@id\":\"https:\/\/cftbc.com\/#organization\",\"name\":\"Centre de Formation en Th\u00e9rapies Br\u00e8ves et Cognitives\",\"url\":\"https:\/\/cftbc.com\/\",\"logo\":{\"@type\":\"ImageObject\",\"inLanguage\":\"fr-FR\",\"@id\":\"https:\/\/cftbc.com\/#\/schema\/logo\/image\/\",\"url\":\"https:\/\/cftbc.com\/wp-content\/uploads\/2022\/12\/centre-de-formation-de-therapie1-scaled.jpg\",\"contentUrl\":\"https:\/\/cftbc.com\/wp-content\/uploads\/2022\/12\/centre-de-formation-de-therapie1-scaled.jpg\",\"width\":2238,\"height\":2560,\"caption\":\"Centre de Formation en Th\u00e9rapies Br\u00e8ves et Cognitives\"},\"image\":{\"@id\":\"https:\/\/cftbc.com\/#\/schema\/logo\/image\/\"}}]}<\/script>\n<!-- \/ Yoast SEO plugin. -->","yoast_head_json":{"title":"Formation en PNL","description":"Cette formation en Programmation Neuro-Linguistique (PNL) permet de mieux comprendre et intervenir sur les comportements et les strat\u00e9gies...","robots":{"index":"index","follow":"follow","max-snippet":"max-snippet:-1","max-image-preview":"max-image-preview:large","max-video-preview":"max-video-preview:-1"},"canonical":"https:\/\/cftbc.com\/index.php\/formation-en-pnl\/","og_locale":"fr_FR","og_type":"article","og_title":"Formation en PNL","og_description":"Cette formation en Programmation Neuro-Linguistique (PNL) permet de mieux comprendre et intervenir sur les comportements et les strat\u00e9gies...","og_url":"https:\/\/cftbc.com\/index.php\/formation-en-pnl\/","og_site_name":"Centre de Formation en Th\u00e9rapies Br\u00e8ves et Cognitives","article_modified_time":"2023-04-20T22:57:47+00:00","og_image":[{"url":"https:\/\/cftbc.com\/wp-content\/uploads\/2023\/02\/pexels-rachel-claire-4577718-scaled-e1676832555454.jpg"}],"twitter_card":"summary_large_image","twitter_misc":{"Dur\u00e9e de lecture estim\u00e9e":"3 minutes"},"schema":{"@context":"https:\/\/schema.org","@graph":[{"@type":"WebPage","@id":"https:\/\/cftbc.com\/index.php\/formation-en-pnl\/","url":"https:\/\/cftbc.com\/index.php\/formation-en-pnl\/","name":"Formation en PNL","isPartOf":{"@id":"https:\/\/cftbc.com\/#website"},"datePublished":"2022-12-15T15:50:41+00:00","dateModified":"2023-04-20T22:57:47+00:00","description":"Cette formation en Programmation Neuro-Linguistique (PNL) permet de mieux comprendre et intervenir sur les comportements et les strat\u00e9gies...","breadcrumb":{"@id":"https:\/\/cftbc.com\/index.php\/formation-en-pnl\/#breadcrumb"},"inLanguage":"fr-FR","potentialAction":[{"@type":"ReadAction","target":["https:\/\/cftbc.com\/index.php\/formation-en-pnl\/"]}]},{"@type":"BreadcrumbList","@id":"https:\/\/cftbc.com\/index.php\/formation-en-pnl\/#breadcrumb","itemListElement":[{"@type":"ListItem","position":1,"name":"Accueil","item":"https:\/\/cftbc.com\/"},{"@type":"ListItem","position":2,"name":"Formation en PNL"}]},{"@type":"WebSite","@id":"https:\/\/cftbc.com\/#website","url":"https:\/\/cftbc.com\/","name":"Centre de Formation en Th\u00e9rapies Br\u00e8ves et Cognitives","description":"Soyez l&#039;acteur du changement !","publisher":{"@id":"https:\/\/cftbc.com\/#organization"},"potentialAction":[{"@type":"SearchAction","target":{"@type":"EntryPoint","urlTemplate":"https:\/\/cftbc.com\/?s={search_term_string}"},"query-input":"required name=search_term_string"}],"inLanguage":"fr-FR"},{"@type":"Organization","@id":"https:\/\/cftbc.com\/#organization","name":"Centre de Formation en Th\u00e9rapies Br\u00e8ves et Cognitives","url":"https:\/\/cftbc.com\/","logo":{"@type":"ImageObject","inLanguage":"fr-FR","@id":"https:\/\/cftbc.com\/#\/schema\/logo\/image\/","url":"https:\/\/cftbc.com\/wp-content\/uploads\/2022\/12\/centre-de-formation-de-therapie1-scaled.jpg","contentUrl":"https:\/\/cftbc.com\/wp-content\/uploads\/2022\/12\/centre-de-formation-de-therapie1-scaled.jpg","width":2238,"height":2560,"caption":"Centre de Formation en Th\u00e9rapies Br\u00e8ves et Cognitives"},"image":{"@id":"https:\/\/cftbc.com\/#\/schema\/logo\/image\/"}}]}},"_links":{"self":[{"href":"https:\/\/cftbc.com\/index.php\/wp-json\/wp\/v2\/pages\/10","targetHints":{"allow":["GET"]}}],"collection":[{"href":"https:\/\/cftbc.com\/index.php\/wp-json\/wp\/v2\/pages"}],"about":[{"href":"https:\/\/cftbc.com\/index.php\/wp-json\/wp\/v2\/types\/page"}],"author":[{"embeddable":true,"href":"https:\/\/cftbc.com\/index.php\/wp-json\/wp\/v2\/users\/1"}],"replies":[{"embeddable":true,"href":"https:\/\/cftbc.com\/index.php\/wp-json\/wp\/v2\/comments?post=10"}],"version-history":[{"count":49,"href":"https:\/\/cftbc.com\/index.php\/wp-json\/wp\/v2\/pages\/10\/revisions"}],"predecessor-version":[{"id":2023,"href":"https:\/\/cftbc.com\/index.php\/wp-json\/wp\/v2\/pages\/10\/revisions\/2023"}],"wp:attachment":[{"href":"https:\/\/cftbc.com\/index.php\/wp-json\/wp\/v2\/media?parent=10"}],"curies":[{"name":"wp","href":"https:\/\/api.w.org\/{rel}","templated":true}]}}